Last updated on 2022-08-15 08:50:03 CEST.
Flavor | Version | Tinstall | Tcheck | Ttotal | Status | Flags |
---|---|---|---|---|---|---|
r-devel-linux-x86_64-debian-clang | 0.1.4 | 2.39 | 42.17 | 44.56 | NOTE | |
r-devel-linux-x86_64-debian-gcc | 0.1.4 | 2.25 | 31.46 | 33.71 | NOTE | |
r-devel-linux-x86_64-fedora-clang | 0.1.4 | 63.56 | NOTE | |||
r-devel-linux-x86_64-fedora-gcc | 0.1.4 | 63.23 | NOTE | |||
r-devel-windows-x86_64 | 0.1.4 | 23.00 | 64.00 | 87.00 | NOTE | |
r-patched-linux-x86_64 | 0.1.4 | 2.73 | 40.39 | 43.12 | NOTE | |
r-release-linux-x86_64 | 0.1.4 | 2.05 | 40.34 | 42.39 | NOTE | |
r-release-macos-arm64 | 0.1.4 | 18.00 | NOTE | |||
r-release-macos-x86_64 | 0.1.4 | 28.00 | NOTE | |||
r-release-windows-x86_64 | 0.1.4 | 27.00 | 63.00 | 90.00 | NOTE | |
r-oldrel-macos-arm64 | 0.1.4 | 25.00 | NOTE | |||
r-oldrel-macos-x86_64 | 0.1.4 | 33.00 | NOTE | |||
r-oldrel-windows-ix86+x86_64 | 0.1.4 | 7.00 | 57.00 | 64.00 | NOTE |
Version: 0.1.4
Check: LazyData
Result: NOTE
'LazyData' is specified without a 'data' directory
Flavors: r-devel-linux-x86_64-debian-clang, r-devel-linux-x86_64-debian-gcc, r-devel-linux-x86_64-fedora-clang, r-devel-linux-x86_64-fedora-gcc, r-devel-windows-x86_64, r-patched-linux-x86_64, r-release-linux-x86_64, r-release-macos-arm64, r-release-macos-x86_64, r-release-windows-x86_64, r-oldrel-macos-arm64, r-oldrel-macos-x86_64, r-oldrel-windows-ix86+x86_64