Last updated on 2022-08-15 08:50:03 CEST.
Flavor | Version | Tinstall | Tcheck | Ttotal | Status | Flags |
---|---|---|---|---|---|---|
r-devel-linux-x86_64-debian-clang | 3.4.4 | 26.34 | 448.02 | 474.36 | NOTE | |
r-devel-linux-x86_64-debian-gcc | 3.4.4 | 20.16 | 307.20 | 327.36 | NOTE | |
r-devel-linux-x86_64-fedora-clang | 3.4.4 | 544.20 | NOTE | |||
r-devel-linux-x86_64-fedora-gcc | 3.4.4 | 598.06 | NOTE | |||
r-devel-windows-x86_64 | 3.4.4 | 119.00 | 427.00 | 546.00 | OK | |
r-patched-linux-x86_64 | 3.4.4 | 32.51 | 413.69 | 446.20 | OK | |
r-release-linux-x86_64 | 3.4.4 | 23.49 | 407.52 | 431.01 | OK | |
r-release-macos-arm64 | 3.4.4 | 129.00 | OK | |||
r-release-macos-x86_64 | 3.4.4 | 159.00 | OK | |||
r-release-windows-x86_64 | 3.4.4 | 117.00 | 418.00 | 535.00 | OK | |
r-oldrel-macos-arm64 | 3.4.4 | 111.00 | OK | |||
r-oldrel-macos-x86_64 | 3.4.4 | 162.00 | OK | |||
r-oldrel-windows-ix86+x86_64 | 3.4.4 | 50.00 | 461.00 | 511.00 | OK |
Version: 3.4.4
Check: HTML version of manual
Result: NOTE
Found the following HTML validation problems:
timePaleoPhy.html:262:4: Warning: nested emphasis <em>
Flavors: r-devel-linux-x86_64-debian-clang, r-devel-linux-x86_64-debian-gcc, r-devel-linux-x86_64-fedora-clang, r-devel-linux-x86_64-fedora-gcc