Last updated on 2022-08-15 08:50:03 CEST.
Flavor | Version | Tinstall | Tcheck | Ttotal | Status | Flags |
---|---|---|---|---|---|---|
r-devel-linux-x86_64-debian-clang | 0.3.2 | 8.21 | 74.04 | 82.25 | OK | |
r-devel-linux-x86_64-debian-gcc | 0.3.2 | 6.69 | 55.55 | 62.24 | OK | |
r-devel-linux-x86_64-fedora-clang | 0.3.2 | 111.13 | NOTE | |||
r-devel-linux-x86_64-fedora-gcc | 0.3.2 | 105.13 | NOTE | |||
r-devel-windows-x86_64 | 0.3.2 | 15.00 | 95.00 | 110.00 | OK | |
r-patched-linux-x86_64 | 0.3.2 | 8.44 | 70.21 | 78.65 | OK | |
r-release-linux-x86_64 | 0.3.2 | 6.76 | 69.71 | 76.47 | OK | |
r-release-macos-arm64 | 0.3.2 | 24.00 | NOTE | |||
r-release-macos-x86_64 | 0.3.2 | 50.00 | NOTE | |||
r-release-windows-x86_64 | 0.3.2 | 16.00 | 90.00 | 106.00 | OK | |
r-oldrel-macos-arm64 | 0.3.2 | 33.00 | NOTE | |||
r-oldrel-macos-x86_64 | 0.3.2 | 42.00 | NOTE | |||
r-oldrel-windows-ix86+x86_64 | 0.3.2 | 19.00 | 94.00 | 113.00 | OK |
Version: 0.3.2
Check: data for non-ASCII characters
Result: NOTE
Note: found 34 marked UTF-8 strings
Flavors: r-devel-linux-x86_64-fedora-clang, r-devel-linux-x86_64-fedora-gcc, r-release-macos-arm64, r-release-macos-x86_64, r-oldrel-macos-arm64, r-oldrel-macos-x86_64