Last updated on 2022-08-15 08:50:03 CEST.
Flavor | Version | Tinstall | Tcheck | Ttotal | Status | Flags |
---|---|---|---|---|---|---|
r-devel-linux-x86_64-debian-clang | 1.56.1 | 8.10 | 84.10 | 92.20 | OK | |
r-devel-linux-x86_64-debian-gcc | 1.56.1 | 9.05 | 63.20 | 72.25 | OK | |
r-devel-linux-x86_64-fedora-clang | 1.56.1 | 122.42 | NOTE | |||
r-devel-linux-x86_64-fedora-gcc | 1.56.1 | 119.31 | NOTE | |||
r-devel-windows-x86_64 | 1.56.1 | 22.00 | 108.00 | 130.00 | OK | |
r-patched-linux-x86_64 | 1.56.1 | 9.93 | 80.65 | 90.58 | OK | |
r-release-linux-x86_64 | 1.56.1 | 8.40 | 81.48 | 89.88 | OK | |
r-release-macos-arm64 | 1.56.1 | 37.00 | OK | |||
r-release-macos-x86_64 | 1.56.1 | 52.00 | OK | |||
r-release-windows-x86_64 | 1.56.1 | 30.00 | 107.00 | 137.00 | OK | |
r-oldrel-macos-arm64 | 1.56.1 | 42.00 | OK | |||
r-oldrel-macos-x86_64 | 1.56.1 | 73.00 | OK | |||
r-oldrel-windows-ix86+x86_64 | 1.56.1 | 22.00 | 135.00 | 157.00 | OK |
Version: 1.56.1
Check: compiled code
Result: NOTE
File ‘pamr/libs/pamr.so’:
Found no calls to: ‘R_registerRoutines’, ‘R_useDynamicSymbols’
It is good practice to register native routines and to disable symbol
search.
See ‘Writing portable packages’ in the ‘Writing R Extensions’ manual.
Flavors: r-devel-linux-x86_64-fedora-clang, r-devel-linux-x86_64-fedora-gcc