Last updated on 2022-08-15 08:50:03 CEST.
Flavor | Version | Tinstall | Tcheck | Ttotal | Status | Flags |
---|---|---|---|---|---|---|
r-devel-linux-x86_64-debian-clang | 0.1-5 | 2.98 | 36.98 | 39.96 | NOTE | |
r-devel-linux-x86_64-debian-gcc | 0.1-6 | 2.44 | 28.16 | 30.60 | OK | |
r-devel-linux-x86_64-fedora-clang | 0.1-6 | 60.61 | OK | |||
r-devel-linux-x86_64-fedora-gcc | 0.1-6 | 61.71 | OK | |||
r-devel-windows-x86_64 | 0.1-6 | 130.00 | 106.00 | 236.00 | OK | |
r-patched-linux-x86_64 | 0.1-6 | 3.25 | 34.86 | 38.11 | OK | |
r-release-linux-x86_64 | 0.1-6 | 2.40 | 34.27 | 36.67 | OK | |
r-release-macos-arm64 | 0.1-6 | 30.00 | OK | |||
r-release-macos-x86_64 | 0.1-6 | 37.00 | OK | |||
r-release-windows-x86_64 | 0.1-6 | 73.00 | 109.00 | 182.00 | OK | |
r-oldrel-macos-arm64 | 0.1-6 | 27.00 | OK | |||
r-oldrel-macos-x86_64 | 0.1-6 | 41.00 | OK | |||
r-oldrel-windows-ix86+x86_64 | 0.1-6 | 9.00 | 98.00 | 107.00 | OK |
Version: 0.1-5
Check: HTML version of manual
Result: NOTE
Found the following HTML validation problems:
document.html:43:1: Warning: trimming empty <dt>
document.html:45:1: Warning: trimming empty <dt>
document.html:46:1: Warning: trimming empty <dt>
document.html:56:1: Warning: trimming empty <dt>
document.html:58:1: Warning: trimming empty <dt>
document.html:59:1: Warning: trimming empty <dt>
document.html:62:1: Warning: trimming empty <dt>
document.html:64:1: Warning: trimming empty <dt>
document.html:65:1: Warning: trimming empty <dt>
document.html:68:1: Warning: trimming empty <dt>
document.html:69:1: Warning: trimming empty <dt>
document.html:72:1: Warning: trimming empty <dt>
document.html:73:1: Warning: trimming empty <dt>
document.html:76:1: Warning: trimming empty <dt>
document.html:78:1: Warning: trimming empty <dt>
document.html:79:1: Warning: trimming empty <dt>
document.html:89:1: Warning: trimming empty <dt>
document.html:91:1: Warning: trimming empty <dt>
document.html:92:1: Warning: trimming empty <dt>
document.html:95:1: Warning: trimming empty <dt>
document.html:97:1: Warning: trimming empty <dt>
document.html:98:1: Warning: trimming empty <dt>
document.html:107:1: Warning: trimming empty <dt>
document.html:114:1: Warning: trimming empty <dt>
document.html:121:1: Warning: trimming empty <dt>
document.html:128:1: Warning: trimming empty <dt>
document.html:135:1: Warning: trimming empty <dt>
document.html:142:1: Warning: trimming empty <dt>
document.html:149:1: Warning: trimming empty <dt>
document.html:156:1: Warning: trimming empty <dt>
document.html:163:1: Warning: trimming empty <dt>
document.html:170:1: Warning: trimming empty <dt>
document.html:177:1: Warning: trimming empty <dt>
document.html:184:1: Warning: trimming empty <dt>
Flavor: r-devel-linux-x86_64-debian-clang