Last updated on 2022-08-15 08:50:03 CEST.
Flavor | Version | Tinstall | Tcheck | Ttotal | Status | Flags |
---|---|---|---|---|---|---|
r-devel-linux-x86_64-debian-clang | 1.2.13 | 14.76 | 172.49 | 187.25 | NOTE | |
r-devel-linux-x86_64-debian-gcc | 1.2.13 | 12.27 | 130.46 | 142.73 | NOTE | |
r-devel-linux-x86_64-fedora-clang | 1.2.13 | 230.42 | NOTE | |||
r-devel-linux-x86_64-fedora-gcc | 1.2.13 | 243.97 | NOTE | |||
r-devel-windows-x86_64 | 1.2.13 | 31.00 | 200.00 | 231.00 | NOTE | |
r-patched-linux-x86_64 | 1.2.13 | 14.12 | 166.37 | 180.49 | NOTE | |
r-release-linux-x86_64 | 1.2.13 | 11.02 | 164.64 | 175.66 | NOTE | |
r-release-macos-arm64 | 1.2.13 | 65.00 | NOTE | |||
r-release-macos-x86_64 | 1.2.13 | 111.00 | NOTE | |||
r-release-windows-x86_64 | 1.2.13 | 28.00 | 191.00 | 219.00 | NOTE | |
r-oldrel-macos-arm64 | 1.2.13 | 66.00 | NOTE | |||
r-oldrel-macos-x86_64 | 1.2.13 | 116.00 | NOTE | |||
r-oldrel-windows-ix86+x86_64 | 1.2.13 | 37.00 | 192.00 | 229.00 | NOTE |
Version: 1.2.13
Check: LazyData
Result: NOTE
'LazyData' is specified without a 'data' directory
Flavors: r-devel-linux-x86_64-debian-clang, r-devel-linux-x86_64-debian-gcc, r-devel-linux-x86_64-fedora-clang, r-devel-linux-x86_64-fedora-gcc, r-devel-windows-x86_64, r-patched-linux-x86_64, r-release-linux-x86_64, r-release-macos-arm64, r-release-macos-x86_64, r-release-windows-x86_64, r-oldrel-macos-arm64, r-oldrel-macos-x86_64, r-oldrel-windows-ix86+x86_64