Last updated on 2022-08-15 08:50:03 CEST.
Flavor | Version | Tinstall | Tcheck | Ttotal | Status | Flags |
---|---|---|---|---|---|---|
r-devel-linux-x86_64-debian-clang | 0.1.1 | 2.64 | 32.23 | 34.87 | NOTE | |
r-devel-linux-x86_64-debian-gcc | 0.1.1 | 2.02 | 24.56 | 26.58 | NOTE | |
r-devel-linux-x86_64-fedora-clang | 0.1.1 | 52.73 | NOTE | |||
r-devel-linux-x86_64-fedora-gcc | 0.1.1 | 50.26 | NOTE | |||
r-devel-windows-x86_64 | 0.1.1 | 32.00 | 55.00 | 87.00 | NOTE | |
r-patched-linux-x86_64 | 0.1.1 | 3.26 | 30.35 | 33.61 | OK | |
r-release-linux-x86_64 | 0.1.1 | 2.52 | 30.36 | 32.88 | OK | |
r-release-macos-arm64 | 0.1.1 | 17.00 | OK | |||
r-release-macos-x86_64 | 0.1.1 | 24.00 | OK | |||
r-release-windows-x86_64 | 0.1.1 | 46.00 | 55.00 | 101.00 | OK | |
r-oldrel-macos-arm64 | 0.1.1 | 22.00 | OK | |||
r-oldrel-macos-x86_64 | 0.1.1 | 29.00 | OK | |||
r-oldrel-windows-ix86+x86_64 | 0.1.1 | 6.00 | 53.00 | 59.00 | OK |
Version: 0.1.1
Check: Rd files
Result: NOTE
checkRd: (-1) btsdemo.Rd:22: Escaped LaTeX specials: \_
checkRd: (-1) btsdemo.Rd:23: Escaped LaTeX specials: \_
checkRd: (-1) btsdemo.Rd:24: Escaped LaTeX specials: \_
checkRd: (-1) btsdemo.Rd:25: Escaped LaTeX specials: \_
checkRd: (-1) btsdemo.Rd:26: Escaped LaTeX specials: \_
checkRd: (-1) btsdemo.Rd:30: Escaped LaTeX specials: \_
Flavors: r-devel-linux-x86_64-debian-clang, r-devel-linux-x86_64-debian-gcc, r-devel-linux-x86_64-fedora-clang, r-devel-linux-x86_64-fedora-gcc, r-devel-windows-x86_64