Last updated on 2022-08-15 08:50:03 CEST.
Flavor | Version | Tinstall | Tcheck | Ttotal | Status | Flags |
---|---|---|---|---|---|---|
r-devel-linux-x86_64-debian-clang | 0.7.6 | 19.89 | 438.43 | 458.32 | OK | |
r-devel-linux-x86_64-debian-gcc | 0.7.6 | 15.27 | 320.17 | 335.44 | OK | |
r-devel-linux-x86_64-fedora-clang | 0.7.6 | 527.42 | NOTE | |||
r-devel-linux-x86_64-fedora-gcc | 0.7.6 | 566.91 | OK | |||
r-devel-windows-x86_64 | 0.7.6 | 41.00 | 461.00 | 502.00 | OK | |
r-patched-linux-x86_64 | 0.7.6 | 18.36 | 405.43 | 423.79 | OK | |
r-release-linux-x86_64 | 0.7.6 | 17.01 | 407.13 | 424.14 | OK | |
r-release-macos-arm64 | 0.7.6 | 122.00 | OK | |||
r-release-macos-x86_64 | 0.7.6 | 218.00 | OK | |||
r-release-windows-x86_64 | 0.7.6 | 41.00 | 443.00 | 484.00 | OK | |
r-oldrel-macos-arm64 | 0.7.6 | 102.00 | OK | |||
r-oldrel-macos-x86_64 | 0.7.6 | 169.00 | OK | |||
r-oldrel-windows-ix86+x86_64 | 0.7.6 | 40.00 | 495.00 | 535.00 | OK |
Version: 0.7.6
Check: Rd cross-references
Result: NOTE
Undeclared package ‘AER’ in Rd xrefs
Flavor: r-devel-linux-x86_64-fedora-clang