Last updated on 2022-08-15 08:50:03 CEST.
Flavor | Version | Tinstall | Tcheck | Ttotal | Status | Flags |
---|---|---|---|---|---|---|
r-devel-linux-x86_64-debian-clang | 0.5.3 | 15.75 | 129.03 | 144.78 | NOTE | |
r-devel-linux-x86_64-debian-gcc | 0.5.3 | 12.96 | 94.47 | 107.43 | NOTE | |
r-devel-linux-x86_64-fedora-clang | 0.5.3 | 181.25 | NOTE | |||
r-devel-linux-x86_64-fedora-gcc | 0.5.3 | 188.51 | NOTE | |||
r-devel-windows-x86_64 | 0.5.3 | 49.00 | 143.00 | 192.00 | OK | |
r-patched-linux-x86_64 | 0.5.3 | 16.65 | 119.83 | 136.48 | OK | |
r-release-linux-x86_64 | 0.5.3 | 12.77 | 120.45 | 133.22 | OK | |
r-release-macos-arm64 | 0.5.3 | 50.00 | NOTE | |||
r-release-macos-x86_64 | 0.5.3 | 90.00 | NOTE | |||
r-release-windows-x86_64 | 0.5.3 | 46.00 | 145.00 | 191.00 | OK | |
r-oldrel-macos-arm64 | 0.5.3 | 54.00 | NOTE | |||
r-oldrel-macos-x86_64 | 0.5.3 | 81.00 | NOTE | |||
r-oldrel-windows-ix86+x86_64 | 0.5.3 | 34.00 | 146.00 | 180.00 | OK |
Version: 0.5.3
Check: HTML version of manual
Result: NOTE
Found the following HTML validation problems:
pvargmm.html:141:1: Warning: <center> element removed from HTML5
Flavors: r-devel-linux-x86_64-debian-clang, r-devel-linux-x86_64-debian-gcc, r-devel-linux-x86_64-fedora-clang, r-devel-linux-x86_64-fedora-gcc
Version: 0.5.3
Check: dependencies in R code
Result: NOTE
Namespace in Imports field not imported from: ‘methods’
All declared Imports should be used.
Flavors: r-devel-linux-x86_64-fedora-clang, r-devel-linux-x86_64-fedora-gcc, r-release-macos-arm64, r-release-macos-x86_64, r-oldrel-macos-arm64, r-oldrel-macos-x86_64