Last updated on 2022-08-15 08:50:03 CEST.
Flavor | Version | Tinstall | Tcheck | Ttotal | Status | Flags |
---|---|---|---|---|---|---|
r-devel-linux-x86_64-debian-clang | 0.1.4 | 4.79 | 53.19 | 57.98 | OK | |
r-devel-linux-x86_64-debian-gcc | 0.1.4 | 4.00 | 38.83 | 42.83 | OK | |
r-devel-linux-x86_64-fedora-clang | 0.1.4 | 78.80 | NOTE | |||
r-devel-linux-x86_64-fedora-gcc | 0.1.4 | 75.26 | NOTE | |||
r-devel-windows-x86_64 | 0.1.4 | 9.00 | 72.00 | 81.00 | OK | |
r-patched-linux-x86_64 | 0.1.4 | 3.16 | 50.33 | 53.49 | OK | |
r-release-linux-x86_64 | 0.1.4 | 5.18 | 50.25 | 55.43 | OK | |
r-release-macos-arm64 | 0.1.4 | 24.00 | NOTE | |||
r-release-macos-x86_64 | 0.1.4 | 46.00 | NOTE | |||
r-release-windows-x86_64 | 0.1.4 | 9.00 | 72.00 | 81.00 | OK | |
r-oldrel-macos-arm64 | 0.1.4 | 27.00 | NOTE | |||
r-oldrel-macos-x86_64 | 0.1.4 | 41.00 | NOTE | |||
r-oldrel-windows-ix86+x86_64 | 0.1.4 | 13.00 | 73.00 | 86.00 | OK |
Version: 0.1.4
Check: dependencies in R code
Result: NOTE
Namespace in Imports field not imported from: ‘parallel’
All declared Imports should be used.
Flavors: r-devel-linux-x86_64-fedora-clang, r-devel-linux-x86_64-fedora-gcc, r-release-macos-arm64, r-release-macos-x86_64, r-oldrel-macos-arm64, r-oldrel-macos-x86_64