Last updated on 2022-08-15 08:50:03 CEST.
Flavor | Version | Tinstall | Tcheck | Ttotal | Status | Flags |
---|---|---|---|---|---|---|
r-devel-linux-x86_64-debian-clang | 0.2.6 | 70.23 | 136.13 | 206.36 | OK | |
r-devel-linux-x86_64-debian-gcc | 0.2.6 | 58.81 | 93.15 | 151.96 | OK | |
r-devel-linux-x86_64-fedora-clang | 0.2.6 | 274.80 | OK | |||
r-devel-linux-x86_64-fedora-gcc | 0.2.6 | 258.10 | OK | |||
r-devel-windows-x86_64 | 0.2.6 | 67.00 | 193.00 | 260.00 | OK | |
r-patched-linux-x86_64 | 0.2.6 | 65.16 | 119.93 | 185.09 | OK | |
r-release-linux-x86_64 | 0.2.6 | 63.98 | 118.47 | 182.45 | OK | |
r-release-macos-arm64 | 0.2.6 | 64.00 | OK | |||
r-release-macos-x86_64 | 0.2.6 | 84.00 | OK | |||
r-release-windows-x86_64 | 0.2.6 | 63.00 | 189.00 | 252.00 | OK | |
r-oldrel-macos-arm64 | 0.2.6 | 64.00 | NOTE | |||
r-oldrel-macos-x86_64 | 0.2.6 | 104.00 | OK | |||
r-oldrel-windows-ix86+x86_64 | 0.2.6 | 176.00 | 290.00 | 466.00 | OK |
Version: 0.2.6
Check: installed package size
Result: NOTE
installed size is 5.4Mb
sub-directories of 1Mb or more:
libs 5.1Mb
Flavor: r-oldrel-macos-arm64