Last updated on 2022-08-15 08:50:03 CEST.
Flavor | Version | Tinstall | Tcheck | Ttotal | Status | Flags |
---|---|---|---|---|---|---|
r-devel-linux-x86_64-debian-clang | 0.18.2 | 33.57 | 385.39 | 418.96 | OK | |
r-devel-linux-x86_64-debian-gcc | 0.18.2 | 24.12 | 267.81 | 291.93 | OK | |
r-devel-linux-x86_64-fedora-clang | 0.18.2 | 474.45 | OK | |||
r-devel-linux-x86_64-fedora-gcc | 0.18.2 | 487.52 | OK | |||
r-devel-windows-x86_64 | 0.18.2 | 320.00 | 392.00 | 712.00 | OK | |
r-patched-linux-x86_64 | 0.18.2 | 37.25 | 346.13 | 383.38 | OK | |
r-release-linux-x86_64 | 0.18.2 | 31.42 | 343.45 | 374.87 | OK | |
r-release-macos-arm64 | 0.18.2 | 118.00 | NOTE | |||
r-release-macos-x86_64 | 0.18.2 | 161.00 | OK | |||
r-release-windows-x86_64 | 0.18.2 | 443.00 | 393.00 | 836.00 | OK | |
r-oldrel-macos-arm64 | 0.18.2 | 101.00 | OK | |||
r-oldrel-macos-x86_64 | 0.18.2 | 157.00 | OK | |||
r-oldrel-windows-ix86+x86_64 | 0.18.2 | 42.00 | 365.00 | 407.00 | OK |
Version: 0.18.2
Check: Rd cross-references
Result: NOTE
Package unavailable to check Rd xrefs: ‘performance’
Flavor: r-release-macos-arm64