Last updated on 2022-08-15 08:50:03 CEST.
Flavor | Version | Tinstall | Tcheck | Ttotal | Status | Flags |
---|---|---|---|---|---|---|
r-devel-linux-x86_64-debian-clang | 0.1.7 | 93.67 | 84.97 | 178.64 | OK | |
r-devel-linux-x86_64-debian-gcc | 0.1.7 | 74.11 | 62.78 | 136.89 | OK | |
r-devel-linux-x86_64-fedora-clang | 0.1.7 | 245.57 | OK | |||
r-devel-linux-x86_64-fedora-gcc | 0.1.7 | 236.74 | OK | |||
r-devel-windows-x86_64 | 0.1.7 | 76.00 | 128.00 | 204.00 | OK | |
r-patched-linux-x86_64 | 0.1.7 | 82.82 | 78.77 | 161.59 | OK | |
r-release-linux-x86_64 | 0.1.7 | 81.39 | 79.45 | 160.84 | OK | |
r-release-macos-arm64 | 0.1.7 | 61.00 | OK | |||
r-release-macos-x86_64 | 0.1.7 | 77.00 | OK | |||
r-release-windows-x86_64 | 0.1.7 | 73.00 | 125.00 | 198.00 | OK | |
r-oldrel-macos-arm64 | 0.1.7 | 71.00 | NOTE | |||
r-oldrel-macos-x86_64 | 0.1.7 | 75.00 | OK | |||
r-oldrel-windows-ix86+x86_64 | 0.1.7 | 228.00 | 153.00 | 381.00 | OK |
Version: 0.1.7
Check: installed package size
Result: NOTE
installed size is 5.5Mb
sub-directories of 1Mb or more:
libs 4.7Mb
Flavor: r-oldrel-macos-arm64