Last updated on 2022-08-15 08:50:03 CEST.
Flavor | Version | Tinstall | Tcheck | Ttotal | Status | Flags |
---|---|---|---|---|---|---|
r-devel-linux-x86_64-debian-clang | 0.1.0 | 9.28 | 117.98 | 127.26 | OK | |
r-devel-linux-x86_64-debian-gcc | 0.1.0 | 8.96 | 85.19 | 94.15 | OK | |
r-devel-linux-x86_64-fedora-clang | 0.1.0 | 158.14 | NOTE | |||
r-devel-linux-x86_64-fedora-gcc | 0.1.0 | 161.78 | NOTE | |||
r-devel-windows-x86_64 | 0.1.0 | 30.00 | 135.00 | 165.00 | OK | |
r-patched-linux-x86_64 | 0.1.0 | 10.22 | 108.42 | 118.64 | OK | |
r-release-linux-x86_64 | 0.1.0 | 11.05 | 107.40 | 118.45 | OK | |
r-release-macos-arm64 | 0.1.0 | 34.00 | NOTE | |||
r-release-macos-x86_64 | 0.1.0 | 86.00 | NOTE | |||
r-release-windows-x86_64 | 0.1.0 | 35.00 | 131.00 | 166.00 | OK | |
r-oldrel-macos-arm64 | 0.1.0 | 61.00 | NOTE | |||
r-oldrel-macos-x86_64 | 0.1.0 | 61.00 | NOTE | |||
r-oldrel-windows-ix86+x86_64 | 0.1.0 | 25.00 | 135.00 | 160.00 | OK |
Version: 0.1.0
Check: dependencies in R code
Result: NOTE
Namespace in Imports field not imported from: ‘flexsurv’
All declared Imports should be used.
Flavors: r-devel-linux-x86_64-fedora-clang, r-devel-linux-x86_64-fedora-gcc, r-release-macos-arm64, r-release-macos-x86_64, r-oldrel-macos-arm64, r-oldrel-macos-x86_64