Last updated on 2022-08-15 08:50:03 CEST.
Flavor | Version | Tinstall | Tcheck | Ttotal | Status | Flags |
---|---|---|---|---|---|---|
r-devel-linux-x86_64-debian-clang | 0.2.1 | 242.87 | 37.00 | 279.87 | OK | |
r-devel-linux-x86_64-debian-gcc | 0.2.1 | 188.19 | 27.50 | 215.69 | OK | |
r-devel-linux-x86_64-fedora-clang | 0.2.1 | 407.98 | OK | |||
r-devel-linux-x86_64-fedora-gcc | 0.2.1 | 378.22 | OK | |||
r-devel-windows-x86_64 | 0.2.1 | 336.00 | 95.00 | 431.00 | OK | |
r-patched-linux-x86_64 | 0.2.1 | 203.17 | 34.43 | 237.60 | OK | |
r-release-linux-x86_64 | 0.2.1 | 213.83 | 34.58 | 248.41 | OK | |
r-release-macos-arm64 | 0.2.1 | 85.00 | NOTE | |||
r-release-macos-x86_64 | 0.2.1 | 113.00 | NOTE | |||
r-release-windows-x86_64 | 0.2.1 | 306.00 | 98.00 | 404.00 | OK | |
r-oldrel-macos-arm64 | 0.2.1 | 88.00 | NOTE | |||
r-oldrel-macos-x86_64 | 0.2.1 | 107.00 | NOTE | |||
r-oldrel-windows-ix86+x86_64 | 0.2.1 | 589.00 | 92.00 | 681.00 | NOTE |
Version: 0.2.1
Check: installed package size
Result: NOTE
installed size is 10.4Mb
sub-directories of 1Mb or more:
libs 7.2Mb
Flavors: r-release-macos-arm64, r-release-macos-x86_64, r-oldrel-macos-arm64, r-oldrel-macos-x86_64, r-oldrel-windows-ix86+x86_64