Last updated on 2022-08-15 08:50:03 CEST.
Flavor | Version | Tinstall | Tcheck | Ttotal | Status | Flags |
---|---|---|---|---|---|---|
r-devel-linux-x86_64-debian-clang | 0.1.4 | 107.91 | 353.59 | 461.50 | OK | |
r-devel-linux-x86_64-debian-gcc | 0.1.4 | 86.58 | 250.01 | 336.59 | OK | |
r-devel-linux-x86_64-fedora-clang | 0.1.4 | 562.52 | OK | |||
r-devel-linux-x86_64-fedora-gcc | 0.1.4 | 550.89 | OK | |||
r-devel-windows-x86_64 | 0.1.4 | 132.00 | 397.00 | 529.00 | OK | |
r-patched-linux-x86_64 | 0.1.4 | 88.79 | 319.25 | 408.04 | OK | |
r-release-linux-x86_64 | 0.1.4 | 90.42 | 326.06 | 416.48 | OK | |
r-release-macos-arm64 | 0.1.4 | 152.00 | NOTE | |||
r-release-macos-x86_64 | 0.1.4 | 276.00 | NOTE | |||
r-release-windows-x86_64 | 0.1.4 | 326.00 | 403.00 | 729.00 | OK | |
r-oldrel-macos-arm64 | 0.1.4 | 138.00 | NOTE | |||
r-oldrel-macos-x86_64 | 0.1.4 | 191.00 | NOTE | |||
r-oldrel-windows-ix86+x86_64 | 0.1.4 | 261.00 | 502.00 | 763.00 | OK |
Version: 0.1.4
Check: installed package size
Result: NOTE
installed size is 6.4Mb
sub-directories of 1Mb or more:
doc 1.2Mb
libs 4.0Mb
Flavors: r-release-macos-arm64, r-release-macos-x86_64, r-oldrel-macos-arm64, r-oldrel-macos-x86_64