Last updated on 2022-08-15 08:50:03 CEST.
Flavor | Version | Tinstall | Tcheck | Ttotal | Status | Flags |
---|---|---|---|---|---|---|
r-devel-linux-x86_64-debian-clang | 1.1.6 | 14.13 | 123.35 | 137.48 | NOTE | |
r-devel-linux-x86_64-debian-gcc | 1.1.6 | 10.66 | 92.36 | 103.02 | NOTE | |
r-devel-linux-x86_64-fedora-clang | 1.1.6 | 172.00 | NOTE | |||
r-devel-linux-x86_64-fedora-gcc | 1.1.6 | 169.35 | NOTE | |||
r-devel-windows-x86_64 | 1.1.6 | 30.00 | 170.00 | 200.00 | OK | |
r-patched-linux-x86_64 | 1.1.6 | 14.05 | 114.37 | 128.42 | NOTE | |
r-release-linux-x86_64 | 1.1.6 | 14.51 | 116.96 | 131.47 | NOTE | |
r-release-macos-arm64 | 1.1.6 | 29.00 | OK | |||
r-release-macos-x86_64 | 1.1.6 | 97.00 | OK | |||
r-release-windows-x86_64 | 1.1.6 | 23.00 | 166.00 | 189.00 | OK | |
r-oldrel-macos-arm64 | 1.1.6 | 35.00 | OK | |||
r-oldrel-macos-x86_64 | 1.1.6 | 50.00 | OK | |||
r-oldrel-windows-ix86+x86_64 | 1.1.6 | 30.00 | 160.00 | 190.00 | OK |
Version: 1.1.6
Check: for non-standard things in the check directory
Result: NOTE
Found the following files/directories:
'co2' 'co2.1' 'co2.2' 'co2s.1' 'co2s.2' 'ctm.1' 'ctm.2' 'm' 'm.1'
'm.2' 'test' 'test.1' 'test.2' 'testa.1' 'testa.2' 'xfile.1'
'xfile.2'
Flavors: r-devel-linux-x86_64-debian-clang, r-devel-linux-x86_64-debian-gcc, r-devel-linux-x86_64-fedora-clang, r-devel-linux-x86_64-fedora-gcc, r-patched-linux-x86_64, r-release-linux-x86_64