Last updated on 2022-08-15 08:50:03 CEST.
Flavor | Version | Tinstall | Tcheck | Ttotal | Status | Flags |
---|---|---|---|---|---|---|
r-devel-linux-x86_64-debian-clang | 0.4.1 | 65.91 | 35.83 | 101.74 | OK | |
r-devel-linux-x86_64-debian-gcc | 0.4.1 | 55.66 | 26.78 | 82.44 | OK | |
r-devel-linux-x86_64-fedora-clang | 0.4.1 | 144.56 | OK | |||
r-devel-linux-x86_64-fedora-gcc | 0.4.1 | 147.08 | OK | |||
r-devel-windows-x86_64 | 0.4.1 | 57.00 | 84.00 | 141.00 | OK | |
r-patched-linux-x86_64 | 0.4.1 | 58.98 | 33.70 | 92.68 | OK | |
r-release-linux-x86_64 | 0.4.1 | 61.33 | 34.26 | 95.59 | OK | |
r-release-macos-arm64 | 0.4.1 | 35.00 | OK | |||
r-release-macos-x86_64 | 0.4.1 | 49.00 | OK | |||
r-release-windows-x86_64 | 0.4.1 | 58.00 | 87.00 | 145.00 | OK | |
r-oldrel-macos-arm64 | 0.4.1 | 39.00 | NOTE | |||
r-oldrel-macos-x86_64 | 0.4.1 | 50.00 | OK | |||
r-oldrel-windows-ix86+x86_64 | 0.4.1 | 157.00 | 88.00 | 245.00 | OK |
Version: 0.4.1
Check: installed package size
Result: NOTE
installed size is 5.0Mb
sub-directories of 1Mb or more:
doc 1.2Mb
libs 3.7Mb
Flavor: r-oldrel-macos-arm64