Last updated on 2022-08-15 08:50:03 CEST.
Flavor | Version | Tinstall | Tcheck | Ttotal | Status | Flags |
---|---|---|---|---|---|---|
r-devel-linux-x86_64-debian-clang | 1.1.0 | 6.11 | 67.32 | 73.43 | NOTE | |
r-devel-linux-x86_64-debian-gcc | 1.1.0 | 3.89 | 49.82 | 53.71 | NOTE | |
r-devel-linux-x86_64-fedora-clang | 1.1.0 | 97.18 | NOTE | |||
r-devel-linux-x86_64-fedora-gcc | 1.1.0 | 93.84 | NOTE | |||
r-devel-windows-x86_64 | 1.1.0 | 21.00 | 92.00 | 113.00 | NOTE | |
r-patched-linux-x86_64 | 1.1.0 | 6.31 | 61.92 | 68.23 | NOTE | |
r-release-linux-x86_64 | 1.1.0 | 7.05 | 62.99 | 70.04 | NOTE | |
r-release-macos-arm64 | 1.1.0 | 29.00 | NOTE | |||
r-release-macos-x86_64 | 1.1.0 | 51.00 | NOTE | |||
r-release-windows-x86_64 | 1.1.0 | 16.00 | 86.00 | 102.00 | NOTE | |
r-oldrel-macos-arm64 | 1.1.0 | 30.00 | NOTE | |||
r-oldrel-macos-x86_64 | 1.1.0 | 44.00 | NOTE | |||
r-oldrel-windows-ix86+x86_64 | 1.1.0 | 16.00 | 87.00 | 103.00 | NOTE |
Version: 1.1.0
Check: DESCRIPTION meta-information
Result: NOTE
Checking should be performed on sources prepared by 'R CMD build'.
Flavors: r-devel-linux-x86_64-debian-clang, r-devel-linux-x86_64-debian-gcc, r-devel-linux-x86_64-fedora-clang, r-devel-linux-x86_64-fedora-gcc, r-devel-windows-x86_64, r-patched-linux-x86_64, r-release-linux-x86_64, r-release-macos-arm64, r-release-macos-x86_64, r-release-windows-x86_64, r-oldrel-macos-arm64, r-oldrel-macos-x86_64, r-oldrel-windows-ix86+x86_64