Last updated on 2022-08-15 08:50:03 CEST.
Flavor | Version | Tinstall | Tcheck | Ttotal | Status | Flags |
---|---|---|---|---|---|---|
r-devel-linux-x86_64-debian-clang | 0.1-4 | 1.36 | 25.20 | 26.56 | NOTE | |
r-devel-linux-x86_64-debian-gcc | 0.1-4 | 1.80 | 19.57 | 21.37 | NOTE | |
r-devel-linux-x86_64-fedora-clang | 0.1-4 | 43.48 | NOTE | |||
r-devel-linux-x86_64-fedora-gcc | 0.1-4 | 42.84 | NOTE | |||
r-devel-windows-x86_64 | 0.1-4 | 10.00 | 51.00 | 61.00 | OK | |
r-patched-linux-x86_64 | 0.1-4 | 1.90 | 23.83 | 25.73 | NOTE | |
r-release-linux-x86_64 | 0.1-4 | 2.02 | 24.14 | 26.16 | NOTE | |
r-release-macos-arm64 | 0.1-4 | 17.00 | OK | |||
r-release-macos-x86_64 | 0.1-4 | 23.00 | OK | |||
r-release-windows-x86_64 | 0.1-4 | 13.00 | 48.00 | 61.00 | OK | |
r-oldrel-macos-arm64 | 0.1-4 | 21.00 | OK | |||
r-oldrel-macos-x86_64 | 0.1-4 | 28.00 | OK | |||
r-oldrel-windows-ix86+x86_64 | 0.1-4 | 6.00 | 46.00 | 52.00 | OK |
Version: 0.1-4
Check: for non-standard things in the check directory
Result: NOTE
Found the following files/directories:
'Minimal-concordance.tex' 'Minimal.Rnw' 'Minimal.pdf'
'Minimal.synctex.gz' 'Minimal.tex' 'figure'
Flavors: r-devel-linux-x86_64-debian-clang, r-devel-linux-x86_64-debian-gcc, r-devel-linux-x86_64-fedora-clang, r-devel-linux-x86_64-fedora-gcc, r-patched-linux-x86_64, r-release-linux-x86_64