Last updated on 2022-08-15 08:50:03 CEST.
Flavor | Version | Tinstall | Tcheck | Ttotal | Status | Flags |
---|---|---|---|---|---|---|
r-devel-linux-x86_64-debian-clang | 0.1.3 | 19.41 | 182.03 | 201.44 | OK | |
r-devel-linux-x86_64-debian-gcc | 0.1.3 | 16.51 | 134.87 | 151.38 | OK | |
r-devel-linux-x86_64-fedora-clang | 0.1.3 | 247.56 | NOTE | |||
r-devel-linux-x86_64-fedora-gcc | 0.1.3 | 254.80 | NOTE | |||
r-devel-windows-x86_64 | 0.1.3 | 36.00 | 197.00 | 233.00 | OK | |
r-patched-linux-x86_64 | 0.1.3 | 18.75 | 170.14 | 188.89 | OK | |
r-release-linux-x86_64 | 0.1.3 | 17.58 | 169.43 | 187.01 | OK | |
r-release-macos-arm64 | 0.1.3 | 67.00 | NOTE | |||
r-release-macos-x86_64 | 0.1.3 | 92.00 | NOTE | |||
r-release-windows-x86_64 | 0.1.3 | 29.00 | 199.00 | 228.00 | OK | |
r-oldrel-macos-arm64 | 0.1.3 | 64.00 | NOTE | |||
r-oldrel-macos-x86_64 | 0.1.3 | 90.00 | NOTE | |||
r-oldrel-windows-ix86+x86_64 | 0.1.3 | 33.00 | 192.00 | 225.00 | OK |
Version: 0.1.3
Check: dependencies in R code
Result: NOTE
Namespaces in Imports field not imported from:
‘clusterProfiler’ ‘purrr’
All declared Imports should be used.
Flavors: r-devel-linux-x86_64-fedora-clang, r-devel-linux-x86_64-fedora-gcc, r-release-macos-arm64, r-release-macos-x86_64, r-oldrel-macos-arm64, r-oldrel-macos-x86_64