Last updated on 2022-08-15 08:50:03 CEST.
Flavor | Version | Tinstall | Tcheck | Ttotal | Status | Flags |
---|---|---|---|---|---|---|
r-devel-linux-x86_64-debian-clang | 2.0.2 | 9.39 | 200.25 | 209.64 | OK | |
r-devel-linux-x86_64-debian-gcc | 2.0.2 | 8.10 | 143.62 | 151.72 | OK | |
r-devel-linux-x86_64-fedora-clang | 2.0.2 | 249.24 | NOTE | |||
r-devel-linux-x86_64-fedora-gcc | 2.0.2 | 244.62 | OK | |||
r-devel-windows-x86_64 | 2.0.2 | 140.00 | 249.00 | 389.00 | NOTE | |
r-patched-linux-x86_64 | 2.0.2 | 15.66 | 179.77 | 195.43 | OK | |
r-release-linux-x86_64 | 2.0.2 | 6.97 | 180.49 | 187.46 | OK | |
r-release-macos-arm64 | 2.0.2 | 79.00 | NOTE | |||
r-release-macos-x86_64 | 2.0.2 | 134.00 | NOTE | |||
r-release-windows-x86_64 | 2.0.2 | 144.00 | 235.00 | 379.00 | NOTE | |
r-oldrel-macos-arm64 | 2.0.2 | 84.00 | NOTE | |||
r-oldrel-macos-x86_64 | 2.0.2 | 107.00 | NOTE | |||
r-oldrel-windows-ix86+x86_64 | 2.0.2 | 27.00 | 241.00 | 268.00 | NOTE |
Version: 2.0.2
Check: installed package size
Result: NOTE
installed size is 5.4Mb
sub-directories of 1Mb or more:
doc 5.0Mb
Flavors: r-devel-linux-x86_64-fedora-clang, r-devel-windows-x86_64, r-release-macos-arm64, r-release-macos-x86_64, r-release-windows-x86_64, r-oldrel-macos-arm64, r-oldrel-macos-x86_64, r-oldrel-windows-ix86+x86_64