Last updated on 2022-08-15 08:50:03 CEST.
Flavor | Version | Tinstall | Tcheck | Ttotal | Status | Flags |
---|---|---|---|---|---|---|
r-devel-linux-x86_64-debian-clang | 2.7.1 | 18.26 | 212.41 | 230.67 | NOTE | |
r-devel-linux-x86_64-debian-gcc | 2.7.1 | 11.86 | 147.32 | 159.18 | NOTE | |
r-devel-linux-x86_64-fedora-clang | 2.7.1 | 276.54 | NOTE | |||
r-devel-linux-x86_64-fedora-gcc | 2.7.1 | 291.18 | NOTE | |||
r-devel-windows-x86_64 | 2.7.1 | 47.00 | 212.00 | 259.00 | OK | |
r-patched-linux-x86_64 | 2.7.1 | 22.03 | 200.58 | 222.61 | OK | |
r-release-linux-x86_64 | 2.7.1 | 19.56 | 202.90 | 222.46 | OK | |
r-release-macos-arm64 | 2.7.1 | 118.00 | OK | |||
r-release-macos-x86_64 | 2.7.1 | 167.00 | OK | |||
r-release-windows-x86_64 | 2.7.1 | 45.00 | 214.00 | 259.00 | OK | |
r-oldrel-macos-arm64 | 2.7.1 | 103.00 | OK | |||
r-oldrel-macos-x86_64 | 2.7.1 | 155.00 | OK | |||
r-oldrel-windows-ix86+x86_64 | 2.7.1 | 31.00 | 231.00 | 262.00 | OK |
Version: 2.7.1
Check: HTML version of manual
Result: NOTE
Found the following math rendering problems:
find_astar.Rd:5: Can't use function '$' in math mode in $\alpha^*$
find_astar.Rd:18: Can't use function '$' in math mode in $\alpha^*$
find_astar.Rd:14: Can't use function '$' in math mode in $\alpha^*$
find_astar.Rd:22: Can't use function '$' in math mode in $\alpha$
summary.colspace.Rd:42: Can't use function '$' in math mode in $\alpha$
summary.colspace.Rd:73: Can't use function '$' in math mode in $\alpha$
tcsplot.Rd:81: Can't use function '$' in math mode in $\alpha^*$
vol.Rd:28: Can't use function '$' in math mode in $\alpha^*$
vol.Rd:77: Can't use function '$' in math mode in $\alpha$
voloverlap.Rd:34: Can't use function '$' in math mode in $\alpha^*$
voloverlap.Rd:127: Can't use function '$' in math mode in $\alpha$
Flavors: r-devel-linux-x86_64-debian-clang, r-devel-linux-x86_64-debian-gcc, r-devel-linux-x86_64-fedora-clang, r-devel-linux-x86_64-fedora-gcc
Version: 2.7.1
Check: Rd cross-references
Result: NOTE
Undeclared package ‘future’ in Rd xrefs
Flavor: r-devel-linux-x86_64-fedora-clang