Last updated on 2022-08-15 08:50:03 CEST.
Flavor | Version | Tinstall | Tcheck | Ttotal | Status | Flags |
---|---|---|---|---|---|---|
r-devel-linux-x86_64-debian-clang | 0.1.12 | 15.12 | 59.14 | 74.26 | NOTE | |
r-devel-linux-x86_64-debian-gcc | 0.1.12 | 12.06 | 45.34 | 57.40 | NOTE | |
r-devel-linux-x86_64-fedora-clang | 0.1.12 | 104.50 | NOTE | |||
r-devel-linux-x86_64-fedora-gcc | 0.1.12 | 107.95 | NOTE | |||
r-devel-windows-x86_64 | 0.1.12 | 1298.00 | 84.00 | 1382.00 | NOTE | |
r-patched-linux-x86_64 | 0.1.12 | 22.58 | 43.18 | 65.76 | OK | |
r-release-linux-x86_64 | 0.1.12 | 13.37 | 44.35 | 57.72 | OK | |
r-release-macos-arm64 | 0.1.12 | 26.00 | OK | |||
r-release-macos-x86_64 | 0.1.12 | 46.00 | OK | |||
r-release-windows-x86_64 | 0.1.12 | 1637.00 | 70.00 | 1707.00 | OK | |
r-oldrel-macos-arm64 | 0.1.12 | 33.00 | OK | |||
r-oldrel-macos-x86_64 | 0.1.12 | 43.00 | OK | |||
r-oldrel-windows-ix86+x86_64 | 0.1.12 | 26.00 | 67.00 | 93.00 | OK |
Version: 0.1.12
Check: Rd files
Result: NOTE
checkRd: (-1) mq_update_broker.Rd:28: Escaped LaTeX specials: \#
Flavors: r-devel-linux-x86_64-debian-clang, r-devel-linux-x86_64-debian-gcc, r-devel-linux-x86_64-fedora-clang, r-devel-linux-x86_64-fedora-gcc, r-devel-windows-x86_64
Version: 0.1.12
Check: HTML version of manual
Result: NOTE
Found the following HTML validation problems:
swf_register_activity_type.html:154:8: Warning: nested emphasis <em>
Flavors: r-devel-linux-x86_64-debian-clang, r-devel-linux-x86_64-debian-gcc, r-devel-linux-x86_64-fedora-clang, r-devel-linux-x86_64-fedora-gcc