Last updated on 2022-08-15 08:50:03 CEST.
Flavor | Version | Tinstall | Tcheck | Ttotal | Status | Flags |
---|---|---|---|---|---|---|
r-devel-linux-x86_64-debian-clang | 0.1.12 | 82.00 | 300.61 | 382.61 | ERROR | |
r-devel-linux-x86_64-debian-gcc | 0.1.12 | 66.28 | 230.26 | 296.54 | ERROR | |
r-devel-linux-x86_64-fedora-clang | 0.1.12 | 488.28 | ERROR | |||
r-devel-linux-x86_64-fedora-gcc | 0.1.12 | 474.39 | ERROR | |||
r-devel-windows-x86_64 | 0.1.12 | 677.00 | 320.00 | 997.00 | ERROR | |
r-patched-linux-x86_64 | 0.1.12 | 88.23 | 145.60 | 233.83 | OK | |
r-release-linux-x86_64 | 0.1.12 | 69.63 | 145.26 | 214.89 | OK | |
r-release-macos-arm64 | 0.1.12 | 70.00 | NOTE | |||
r-release-macos-x86_64 | 0.1.12 | 154.00 | OK | |||
r-release-windows-x86_64 | 0.1.12 | 741.00 | 214.00 | 955.00 | OK | |
r-oldrel-macos-arm64 | 0.1.12 | 102.00 | NOTE | |||
r-oldrel-macos-x86_64 | 0.1.12 | 125.00 | OK | |||
r-oldrel-windows-ix86+x86_64 | 0.1.12 | 132.00 | 181.00 | 313.00 | OK |
Version: 0.1.12
Check: Rd files
Result: NOTE
checkRd: (-1) ec2_create_key_pair.Rd:39: Escaped LaTeX specials: \#
checkRd: (-1) ec2_create_security_group.Rd:18: Escaped LaTeX specials: \#
checkRd: (-1) ec2_create_security_group.Rd:27: Escaped LaTeX specials: \#
Flavors: r-devel-linux-x86_64-debian-clang, r-devel-linux-x86_64-debian-gcc, r-devel-linux-x86_64-fedora-clang, r-devel-linux-x86_64-fedora-gcc, r-devel-windows-x86_64
Version: 0.1.12
Check: PDF version of manual
Result: WARN
LaTeX errors when creating PDF version.
This typically indicates Rd problems.
LaTeX errors found:
! LaTeX Error: Unicode character â<c2><80>š (U+2028)
not set up for use with LaTeX.
See the LaTeX manual or LaTeX Companion for explanation.
Type H <return> for immediate help.
! LaTeX Error: Unicode character â<c2><80>š (U+2028)
not set up for use with LaTeX.
See the LaTeX manual or LaTeX Companion for explanation.
Type H <return> for immediate help.
! LaTeX Error: Unicode character â<c2><80>š (U+2028)
not set up for use with LaTeX.
See the LaTeX manual or LaTeX Companion for explanation.
Type H <return> for immediate help.
! LaTeX Error: Unicode character â<c2><80>š (U+2028)
not set up for use with LaTeX.
See the LaTeX manual or LaTeX Companion for explanation.
Type H <return> for immediate help.
! LaTeX Error: Unicode character â<c2><80>š (U+2028)
not set up for use with LaTeX.
See the LaTeX manual or LaTeX Companion for explanation.
Type H <return> for immediate help.
! LaTeX Error: Unicode character â<c2><80>š (U+2028)
not set up for use with LaTeX.
See the LaTeX manual or LaTeX Companion for explanation.
Type H <return> for immediate help.
! LaTeX Error: Unicode character â<c2><80>š (U+2028)
not set up for use with LaTeX.
See the LaTeX manual or LaTeX Companion for explanation.
Type H <return> for immediate help.
! LaTeX Error: Unicode character â<c2><80>š (U+2028)
not set up for use with LaTeX.
See the LaTeX manual or LaTeX Companion for explanation.
Type H <return> for immediate help.
! LaTeX Error: Unicode character â<c2><80>š (U+2028)
not set up for use with LaTeX.
See the LaTeX manual or LaTeX Companion for explanation.
Type H <return> for immediate help.
! LaTeX Error: Unicode character â<c2><80>š (U+2028)
not set up for use with LaTeX.
See the LaTeX manual or LaTeX Companion for explanation.
Type H <return> for immediate help.
! LaTeX Error: Unicode character â<c2><80>š (U+2028)
not set up for use with LaTeX.
See the LaTeX manual or LaTeX Companion for explanation.
Type H <return> for immediate help.
! LaTeX Error: Unicode character â<c2><80>š (U+2028)
not set up for use with LaTeX.
See the LaTeX manual or LaTeX Companion for explanation.
Type H <return> for immediate help.
! LaTeX Error: Unicode character â<c2><80>š (U+2028)
not set up for use with LaTeX.
See the LaTeX manual or LaTeX Companion for explanation.
Type H <return> for immediate help.
Flavor: r-devel-linux-x86_64-debian-clang
Version: 0.1.12
Check: PDF version of manual without index
Result: ERROR
Flavors: r-devel-linux-x86_64-debian-clang, r-devel-linux-x86_64-debian-gcc, r-devel-linux-x86_64-fedora-clang, r-devel-linux-x86_64-fedora-gcc, r-devel-windows-x86_64
Version: 0.1.12
Check: for non-standard things in the check directory
Result: NOTE
Found the following files/directories:
'paws.compute-manual.tex'
Flavors: r-devel-linux-x86_64-debian-clang, r-devel-linux-x86_64-debian-gcc, r-devel-linux-x86_64-fedora-clang, r-devel-linux-x86_64-fedora-gcc
Version: 0.1.12
Check: PDF version of manual
Result: WARN
LaTeX errors when creating PDF version.
This typically indicates Rd problems.
LaTeX errors found:
! LaTeX Error: Unicode character
(U+2028)
not set up for use with LaTeX.
See the LaTeX manual or LaTeX Companion for explanation.
Type H <return> for immediate help.
! LaTeX Error: Unicode character
(U+2028)
not set up for use with LaTeX.
See the LaTeX manual or LaTeX Companion for explanation.
Type H <return> for immediate help.
! LaTeX Error: Unicode character
(U+2028)
not set up for use with LaTeX.
See the LaTeX manual or LaTeX Companion for explanation.
Type H <return> for immediate help.
! LaTeX Error: Unicode character
(U+2028)
not set up for use with LaTeX.
See the LaTeX manual or LaTeX Companion for explanation.
Type H <return> for immediate help.
! LaTeX Error: Unicode character
(U+2028)
not set up for use with LaTeX.
See the LaTeX manual or LaTeX Companion for explanation.
Type H <return> for immediate help.
! LaTeX Error: Unicode character
(U+2028)
not set up for use with LaTeX.
See the LaTeX manual or LaTeX Companion for explanation.
Type H <return> for immediate help.
! LaTeX Error: Unicode character
(U+2028)
not set up for use with LaTeX.
See the LaTeX manual or LaTeX Companion for explanation.
Type H <return> for immediate help.
! LaTeX Error: Unicode character
(U+2028)
not set up for use with LaTeX.
See the LaTeX manual or LaTeX Companion for explanation.
Type H <return> for immediate help.
! LaTeX Error: Unicode character
(U+2028)
not set up for use with LaTeX.
See the LaTeX manual or LaTeX Companion for explanation.
Type H <return> for immediate help.
! LaTeX Error: Unicode character
(U+2028)
not set up for use with LaTeX.
See the LaTeX manual or LaTeX Companion for explanation.
Type H <return> for immediate help.
! LaTeX Error: Unicode character
(U+2028)
not set up for use with LaTeX.
See the LaTeX manual or LaTeX Companion for explanation.
Type H <return> for immediate help.
! LaTeX Error: Unicode character
(U+2028)
not set up for use with LaTeX.
See the LaTeX manual or LaTeX Companion for explanation.
Type H <return> for immediate help.
! LaTeX Error: Unicode character
(U+2028)
not set up for use with LaTeX.
See the LaTeX manual or LaTeX Companion for explanation.
Type H <return> for immediate help.
Flavors: r-devel-linux-x86_64-debian-gcc, r-devel-linux-x86_64-fedora-clang, r-devel-linux-x86_64-fedora-gcc
Version: 0.1.12
Check: PDF version of manual
Result: WARN
LaTeX errors when creating PDF version.
This typically indicates Rd problems.
LaTeX errors found:
! Package inputenc Error: Unicode character
(U+2028)
(inputenc) not set up for use with LaTeX.
See the inputenc package documentation for explanation.
Type H <return> for immediate help.
! Package inputenc Error: Unicode character
(U+2028)
(inputenc) not set up for use with LaTeX.
See the inputenc package documentation for explanation.
Type H <return> for immediate help.
! Package inputenc Error: Unicode character
(U+2028)
(inputenc) not set up for use with LaTeX.
See the inputenc package documentation for explanation.
Type H <return> for immediate help.
! Package inputenc Error: Unicode character
(U+2028)
(inputenc) not set up for use with LaTeX.
See the inputenc package documentation for explanation.
Type H <return> for immediate help.
! Package inputenc Error: Unicode character
(U+2028)
(inputenc) not set up for use with LaTeX.
See the inputenc package documentation for explanation.
Type H <return> for immediate help.
! Package inputenc Error: Unicode character
(U+2028)
(inputenc) not set up for use with LaTeX.
See the inputenc package documentation for explanation.
Type H <return> for immediate help.
! Package inputenc Error: Unicode character
(U+2028)
(inputenc) not set up for use with LaTeX.
See the inputenc package documentation for explanation.
Type H <return> for immediate help.
! Package inputenc Error: Unicode character
(U+2028)
(inputenc) not set up for use with LaTeX.
See the inputenc package documentation for explanation.
Type H <return> for immediate help.
! Package inputenc Error: Unicode character
(U+2028)
(inputenc) not set up for use with LaTeX.
See the inputenc package documentation for explanation.
Type H <return> for immediate help.
! Package inputenc Error: Unicode character
(U+2028)
(inputenc) not set up for use with LaTeX.
See the inputenc package documentation for explanation.
Type H <return> for immediate help.
! Package inputenc Error: Unicode character
(U+2028)
(inputenc) not set up for use with LaTeX.
See the inputenc package documentation for explanation.
Type H <return> for immediate help.
! Package inputenc Error: Unicode character
(U+2028)
(inputenc) not set up for use with LaTeX.
See the inputenc package documentation for explanation.
Type H <return> for immediate help.
! Package inputenc Error: Unicode character
(U+2028)
(inputenc) not set up for use with LaTeX.
See the inputenc package documentation for explanation.
Type H <return> for immediate help.
Flavor: r-devel-windows-x86_64
Version: 0.1.12
Check: installed package size
Result: NOTE
installed size is 5.8Mb
sub-directories of 1Mb or more:
R 2.0Mb
help 3.7Mb
Flavors: r-release-macos-arm64, r-oldrel-macos-arm64