Last updated on 2022-08-15 08:50:03 CEST.
Flavor | Version | Tinstall | Tcheck | Ttotal | Status | Flags |
---|---|---|---|---|---|---|
r-devel-linux-x86_64-debian-clang | 0.1.12 | 71.29 | 199.58 | 270.87 | NOTE | |
r-devel-linux-x86_64-debian-gcc | 0.1.12 | 58.38 | 152.60 | 210.98 | NOTE | |
r-devel-linux-x86_64-fedora-clang | 0.1.12 | 346.28 | NOTE | |||
r-devel-linux-x86_64-fedora-gcc | 0.1.12 | 270.40 | NOTE | |||
r-devel-windows-x86_64 | 0.1.12 | 1042.00 | 260.00 | 1302.00 | NOTE | |
r-patched-linux-x86_64 | 0.1.12 | 74.76 | 131.87 | 206.63 | OK | |
r-release-linux-x86_64 | 0.1.12 | 61.18 | 130.44 | 191.62 | OK | |
r-release-macos-arm64 | 0.1.12 | 64.00 | NOTE | |||
r-release-macos-x86_64 | 0.1.12 | 138.00 | OK | |||
r-release-windows-x86_64 | 0.1.12 | 1083.00 | 193.00 | 1276.00 | OK | |
r-oldrel-macos-arm64 | 0.1.12 | 89.00 | OK | |||
r-oldrel-macos-x86_64 | 0.1.12 | 116.00 | OK | |||
r-oldrel-windows-ix86+x86_64 | 0.1.12 | 107.00 | 157.00 | 264.00 | OK |
Version: 0.1.12
Check: Rd files
Result: NOTE
checkRd: (-1) cloudwatchlogs_create_log_group.Rd:30: Escaped LaTeX specials: \#
checkRd: (-1) licensemanager_create_license_configuration.Rd:23: Escaped LaTeX specials: \#
checkRd: (-1) licensemanager_create_license_configuration.Rd:24: Escaped LaTeX specials: \#
checkRd: (-1) opsworks_update_layer.Rd:23: Escaped LaTeX specials: \_
checkRd: (-1) opsworkscm_create_server.Rd:76: Escaped LaTeX specials: \#
checkRd: (-1) ssm_send_command.Rd:47: Escaped LaTeX specials: \$
checkRd: (-1) ssm_send_command.Rd:49: Escaped LaTeX specials: \$
Flavors: r-devel-linux-x86_64-debian-clang, r-devel-linux-x86_64-debian-gcc, r-devel-linux-x86_64-fedora-clang, r-devel-linux-x86_64-fedora-gcc, r-devel-windows-x86_64
Version: 0.1.12
Check: installed package size
Result: NOTE
installed size is 5.5Mb
sub-directories of 1Mb or more:
R 2.0Mb
help 3.3Mb
Flavor: r-release-macos-arm64