Last updated on 2022-08-15 08:50:03 CEST.
Flavor | Version | Tinstall | Tcheck | Ttotal | Status | Flags |
---|---|---|---|---|---|---|
r-devel-linux-x86_64-debian-clang | 0.1.12 | 61.32 | 153.66 | 214.98 | NOTE | |
r-devel-linux-x86_64-debian-gcc | 0.1.12 | 51.41 | 115.02 | 166.43 | NOTE | |
r-devel-linux-x86_64-fedora-clang | 0.1.12 | 273.94 | NOTE | |||
r-devel-linux-x86_64-fedora-gcc | 0.1.12 | 221.76 | NOTE | |||
r-devel-windows-x86_64 | 0.1.12 | 756.00 | 194.00 | 950.00 | NOTE | |
r-patched-linux-x86_64 | 0.1.12 | 71.74 | 101.85 | 173.59 | OK | |
r-release-linux-x86_64 | 0.1.12 | 56.13 | 104.64 | 160.77 | OK | |
r-release-macos-arm64 | 0.1.12 | 55.00 | OK | |||
r-release-macos-x86_64 | 0.1.12 | 113.00 | OK | |||
r-release-windows-x86_64 | 0.1.12 | 856.00 | 146.00 | 1002.00 | OK | |
r-oldrel-macos-arm64 | 0.1.12 | 74.00 | OK | |||
r-oldrel-macos-x86_64 | 0.1.12 | 98.00 | OK | |||
r-oldrel-windows-ix86+x86_64 | 0.1.12 | 93.00 | 127.00 | 220.00 | OK |
Version: 0.1.12
Check: Rd files
Result: NOTE
checkRd: (-1) apigatewayv2_create_stage.Rd:34: Escaped LaTeX specials: \#
checkRd: (-1) apigatewayv2_update_stage.Rd:36: Escaped LaTeX specials: \#
Flavors: r-devel-linux-x86_64-debian-clang, r-devel-linux-x86_64-debian-gcc, r-devel-linux-x86_64-fedora-clang, r-devel-linux-x86_64-fedora-gcc, r-devel-windows-x86_64