Last updated on 2022-08-15 08:50:03 CEST.
Flavor | Version | Tinstall | Tcheck | Ttotal | Status | Flags |
---|---|---|---|---|---|---|
r-devel-linux-x86_64-debian-clang | 0.4-4 | 19.29 | 88.02 | 107.31 | OK | |
r-devel-linux-x86_64-debian-gcc | 0.4-4 | 16.26 | 68.78 | 85.04 | OK | |
r-devel-linux-x86_64-fedora-clang | 0.4-4 | 146.27 | OK | |||
r-devel-linux-x86_64-fedora-gcc | 0.4-4 | 141.40 | OK | |||
r-devel-windows-x86_64 | 0.4-4 | 298.00 | 161.00 | 459.00 | OK | |
r-patched-linux-x86_64 | 0.4-4 | 17.47 | 85.20 | 102.67 | OK | |
r-release-linux-x86_64 | 0.4-4 | 16.42 | 83.79 | 100.21 | OK | |
r-release-macos-arm64 | 0.4-4 | 12.00 | ERROR | |||
r-release-macos-x86_64 | 0.4-4 | 12.00 | ERROR | |||
r-release-windows-x86_64 | 0.4-4 | 112.00 | 157.00 | 269.00 | OK | |
r-oldrel-macos-arm64 | 0.4-4 | 14.00 | ERROR | |||
r-oldrel-macos-x86_64 | 0.4-4 | 17.00 | ERROR | |||
r-oldrel-windows-ix86+x86_64 | 0.4-4 | 56.00 | 113.00 | 169.00 | OK |
Version: 0.4-4
Check: whether package can be installed
Result: ERROR
Installation failed.
Flavors: r-release-macos-arm64, r-release-macos-x86_64, r-oldrel-macos-arm64, r-oldrel-macos-x86_64