Last updated on 2022-08-15 08:50:03 CEST.
Flavor | Version | Tinstall | Tcheck | Ttotal | Status | Flags |
---|---|---|---|---|---|---|
r-devel-linux-x86_64-debian-clang | 1.1 | 1.78 | 22.58 | 24.36 | NOTE | |
r-devel-linux-x86_64-debian-gcc | 1.1 | 1.65 | 17.65 | 19.30 | NOTE | |
r-devel-linux-x86_64-fedora-clang | 1.1 | 40.33 | NOTE | |||
r-devel-linux-x86_64-fedora-gcc | 1.1 | 40.03 | NOTE | |||
r-devel-windows-x86_64 | 1.1 | 10.00 | 46.00 | 56.00 | NOTE | |
r-patched-linux-x86_64 | 1.1 | 1.69 | 21.94 | 23.63 | NOTE | |
r-release-linux-x86_64 | 1.1 | 1.84 | 22.13 | 23.97 | NOTE | |
r-release-macos-arm64 | 1.1 | 14.00 | NOTE | |||
r-release-macos-x86_64 | 1.1 | 22.00 | NOTE | |||
r-release-windows-x86_64 | 1.1 | 4.00 | 45.00 | 49.00 | NOTE | |
r-oldrel-macos-arm64 | 1.1 | 17.00 | NOTE | |||
r-oldrel-macos-x86_64 | 1.1 | 26.00 | NOTE | |||
r-oldrel-windows-ix86+x86_64 | 1.1 | 4.00 | 32.00 | 36.00 | NOTE |
Version: 1.1
Check: DESCRIPTION meta-information
Result: NOTE
Malformed Description field: should contain one or more complete sentences.
Flavors: r-devel-linux-x86_64-debian-clang, r-devel-linux-x86_64-debian-gcc, r-devel-linux-x86_64-fedora-clang, r-devel-linux-x86_64-fedora-gcc, r-devel-windows-x86_64, r-patched-linux-x86_64, r-release-linux-x86_64, r-release-macos-arm64, r-release-macos-x86_64, r-release-windows-x86_64, r-oldrel-macos-arm64, r-oldrel-macos-x86_64, r-oldrel-windows-ix86+x86_64