Last updated on 2022-08-15 08:50:03 CEST.
Flavor | Version | Tinstall | Tcheck | Ttotal | Status | Flags |
---|---|---|---|---|---|---|
r-devel-linux-x86_64-debian-clang | 1.5.3 | 1069.61 | 249.55 | 1319.16 | NOTE | |
r-devel-linux-x86_64-debian-gcc | 1.5.3 | 952.02 | 231.90 | 1183.92 | NOTE | |
r-devel-linux-x86_64-fedora-clang | 1.5.3 | 1605.66 | NOTE | |||
r-devel-linux-x86_64-fedora-gcc | 1.5.3 | 2015.46 | NOTE | |||
r-devel-windows-x86_64 | 1.5.3 | 938.00 | 388.00 | 1326.00 | NOTE | |
r-patched-linux-x86_64 | 1.5.3 | 0.02 | 3.91 | 3.93 | ERROR | |
r-release-linux-x86_64 | 1.5.3 | 846.93 | 310.43 | 1157.36 | NOTE | |
r-release-macos-arm64 | 1.5.3 | 406.00 | NOTE | |||
r-release-macos-x86_64 | 1.5.3 | 789.00 | NOTE | |||
r-release-windows-x86_64 | 1.5.3 | 707.00 | 362.00 | 1069.00 | NOTE | |
r-oldrel-macos-arm64 | 1.5.3 | 510.00 | NOTE | |||
r-oldrel-macos-x86_64 | 1.5.3 | 543.00 | NOTE | |||
r-oldrel-windows-ix86+x86_64 | 1.5.3 | 1195.00 | 380.00 | 1575.00 | NOTE |
Version: 1.5.3
Check: for GNU extensions in Makefiles
Result: NOTE
GNU make is a SystemRequirements.
Flavors: r-devel-linux-x86_64-debian-clang, r-devel-linux-x86_64-debian-gcc, r-devel-linux-x86_64-fedora-clang, r-devel-linux-x86_64-fedora-gcc, r-devel-windows-x86_64, r-release-linux-x86_64, r-release-macos-arm64, r-release-macos-x86_64, r-release-windows-x86_64, r-oldrel-macos-arm64, r-oldrel-macos-x86_64, r-oldrel-windows-ix86+x86_64
Version: 1.5.3
Check: installed package size
Result: NOTE
installed size is 14.2Mb
sub-directories of 1Mb or more:
doc 2.9Mb
libs 10.6Mb
Flavors: r-devel-linux-x86_64-fedora-clang, r-devel-windows-x86_64, r-release-macos-arm64, r-release-macos-x86_64, r-release-windows-x86_64, r-oldrel-macos-arm64, r-oldrel-macos-x86_64, r-oldrel-windows-ix86+x86_64
Version: 1.5.3
Check: dependencies in R code
Result: NOTE
Namespace in Imports field not imported from: ‘rstantools’
All declared Imports should be used.
Flavors: r-devel-linux-x86_64-fedora-clang, r-devel-linux-x86_64-fedora-gcc, r-release-macos-arm64, r-release-macos-x86_64, r-oldrel-macos-arm64, r-oldrel-macos-x86_64
Version: 1.5.3
Check: whether package can be installed
Result: ERROR
Installation failed.
Flavor: r-patched-linux-x86_64