Last updated on 2022-08-15 08:50:03 CEST.
Flavor | Version | Tinstall | Tcheck | Ttotal | Status | Flags |
---|---|---|---|---|---|---|
r-devel-linux-x86_64-debian-clang | 4.3.3 | 92.86 | 62.97 | 155.83 | NOTE | |
r-devel-linux-x86_64-debian-gcc | 4.3.3 | 72.18 | 46.54 | 118.72 | NOTE | |
r-devel-linux-x86_64-fedora-clang | 4.3.3 | 227.17 | NOTE | |||
r-devel-linux-x86_64-fedora-gcc | 4.3.3 | 206.10 | NOTE | |||
r-devel-windows-x86_64 | 4.3.3 | 124.00 | 111.00 | 235.00 | NOTE | |
r-patched-linux-x86_64 | 4.3.3 | 80.23 | 58.51 | 138.74 | NOTE | |
r-release-linux-x86_64 | 4.3.3 | 76.08 | 58.55 | 134.63 | NOTE | |
r-release-macos-arm64 | 4.3.3 | 57.00 | NOTE | |||
r-release-macos-x86_64 | 4.3.3 | 95.00 | NOTE | |||
r-release-windows-x86_64 | 4.3.3 | 126.00 | 107.00 | 233.00 | NOTE | |
r-oldrel-macos-arm64 | 4.3.3 | 59.00 | NOTE | |||
r-oldrel-macos-x86_64 | 4.3.3 | 88.00 | NOTE | |||
r-oldrel-windows-ix86+x86_64 | 4.3.3 | 272.00 | 121.00 | 393.00 | NOTE |
Version: 4.3.3
Check: package subdirectories
Result: NOTE
Problems with news in 'NEWS.md':
No news entries found.
Flavors: r-devel-linux-x86_64-debian-clang, r-devel-linux-x86_64-debian-gcc, r-devel-linux-x86_64-fedora-clang, r-devel-linux-x86_64-fedora-gcc, r-devel-windows-x86_64
Version: 4.3.3
Check: LazyData
Result: NOTE
'LazyData' is specified without a 'data' directory
Flavors: r-devel-linux-x86_64-debian-clang, r-devel-linux-x86_64-debian-gcc, r-devel-linux-x86_64-fedora-clang, r-devel-linux-x86_64-fedora-gcc, r-devel-windows-x86_64, r-patched-linux-x86_64, r-release-linux-x86_64, r-release-macos-arm64, r-release-macos-x86_64, r-release-windows-x86_64, r-oldrel-macos-arm64, r-oldrel-macos-x86_64, r-oldrel-windows-ix86+x86_64
Version: 4.3.3
Check: installed package size
Result: NOTE
installed size is 6.0Mb
sub-directories of 1Mb or more:
extdata 2.7Mb
libs 2.5Mb
Flavors: r-release-macos-arm64, r-release-macos-x86_64, r-oldrel-macos-arm64, r-oldrel-macos-x86_64, r-oldrel-windows-ix86+x86_64