Last updated on 2022-08-15 08:50:03 CEST.
Flavor | Version | Tinstall | Tcheck | Ttotal | Status | Flags |
---|---|---|---|---|---|---|
r-devel-linux-x86_64-debian-clang | 1.0.5 | 56.44 | 71.17 | 127.61 | OK | |
r-devel-linux-x86_64-debian-gcc | 1.0.5 | 47.60 | 54.64 | 102.24 | OK | |
r-devel-linux-x86_64-fedora-clang | 1.0.5 | 166.96 | OK | |||
r-devel-linux-x86_64-fedora-gcc | 1.0.5 | 159.68 | OK | |||
r-devel-windows-x86_64 | 1.0.5 | 50.00 | 126.00 | 176.00 | OK | |
r-patched-linux-x86_64 | 1.0.5 | 41.90 | 67.86 | 109.76 | OK | |
r-release-linux-x86_64 | 1.0.5 | 42.58 | 68.56 | 111.14 | OK | |
r-release-macos-arm64 | 1.0.5 | 53.00 | OK | |||
r-release-macos-x86_64 | 1.0.5 | 95.00 | NOTE | |||
r-release-windows-x86_64 | 1.0.5 | 42.00 | 120.00 | 162.00 | OK | |
r-oldrel-macos-arm64 | 1.0.5 | 57.00 | NOTE | |||
r-oldrel-macos-x86_64 | 1.0.5 | 95.00 | NOTE | |||
r-oldrel-windows-ix86+x86_64 | 1.0.5 | 110.00 | 140.00 | 250.00 | OK |
Version: 1.0.5
Check: installed package size
Result: NOTE
installed size is 6.1Mb
sub-directories of 1Mb or more:
libs 4.3Mb
Flavors: r-release-macos-x86_64, r-oldrel-macos-arm64, r-oldrel-macos-x86_64