Last updated on 2022-08-15 08:50:03 CEST.
Flavor | Version | Tinstall | Tcheck | Ttotal | Status | Flags |
---|---|---|---|---|---|---|
r-devel-linux-x86_64-debian-clang | 0.1.4 | 37.57 | 303.27 | 340.84 | NOTE | |
r-devel-linux-x86_64-debian-gcc | 0.1.4 | 28.48 | 216.91 | 245.39 | NOTE | |
r-devel-linux-x86_64-fedora-clang | 0.1.4 | 418.54 | NOTE | |||
r-devel-linux-x86_64-fedora-gcc | 0.1.4 | 389.03 | NOTE | |||
r-devel-windows-x86_64 | 0.1.4 | 103.00 | 293.00 | 396.00 | NOTE | |
r-patched-linux-x86_64 | 0.1.4 | 56.17 | 296.65 | 352.82 | OK | |
r-release-linux-x86_64 | 0.1.4 | 44.27 | 299.94 | 344.21 | OK | |
r-release-macos-arm64 | 0.1.4 | 182.00 | OK | |||
r-release-macos-x86_64 | 0.1.4 | 241.00 | OK | |||
r-release-windows-x86_64 | 0.1.4 | 106.00 | 292.00 | 398.00 | OK | |
r-oldrel-macos-arm64 | 0.1.4 | 179.00 | OK | |||
r-oldrel-macos-x86_64 | 0.1.4 | 248.00 | OK | |||
r-oldrel-windows-ix86+x86_64 | 0.1.4 | 59.00 | 293.00 | 352.00 | OK |
Version: 0.1.4
Check: Rd files
Result: NOTE
checkRd: (-1) Dist.Rd:50: Escaped LaTeX specials: \&
Flavors: r-devel-linux-x86_64-debian-clang, r-devel-linux-x86_64-debian-gcc, r-devel-linux-x86_64-fedora-clang, r-devel-linux-x86_64-fedora-gcc, r-devel-windows-x86_64