Last updated on 2022-08-15 08:50:03 CEST.
Flavor | Version | Tinstall | Tcheck | Ttotal | Status | Flags |
---|---|---|---|---|---|---|
r-devel-linux-x86_64-debian-clang | 3.3.0 | 19.97 | 35.91 | 55.88 | OK | |
r-devel-linux-x86_64-debian-gcc | 3.3.0 | 19.53 | 27.98 | 47.51 | OK | |
r-devel-linux-x86_64-fedora-clang | 3.3.0 | 90.84 | OK | |||
r-devel-linux-x86_64-fedora-gcc | 3.3.0 | 88.66 | OK | |||
r-devel-windows-x86_64 | 3.3.0 | 101.00 | 119.00 | 220.00 | NOTE | |
r-patched-linux-x86_64 | 3.3.0 | 22.36 | 34.33 | 56.69 | OK | |
r-release-linux-x86_64 | 3.3.0 | 20.95 | 35.00 | 55.95 | OK | |
r-release-macos-arm64 | 3.3.0 | 33.00 | NOTE | |||
r-release-macos-x86_64 | 3.3.0 | 39.00 | NOTE | |||
r-release-windows-x86_64 | 3.3.0 | 256.00 | 121.00 | 377.00 | NOTE | |
r-oldrel-macos-arm64 | 3.3.0 | 27.00 | NOTE | |||
r-oldrel-macos-x86_64 | 3.3.0 | 39.00 | NOTE | |||
r-oldrel-windows-ix86+x86_64 | 3.3.0 | 78.00 | 128.00 | 206.00 | NOTE |
Version: 3.3.0
Check: installed package size
Result: NOTE
installed size is 19.8Mb
sub-directories of 1Mb or more:
libs 6.9Mb
share 12.8Mb
Flavors: r-devel-windows-x86_64, r-release-macos-arm64, r-release-macos-x86_64, r-release-windows-x86_64, r-oldrel-macos-arm64, r-oldrel-macos-x86_64, r-oldrel-windows-ix86+x86_64