Last updated on 2022-08-15 08:50:04 CEST.
Flavor | Version | Tinstall | Tcheck | Ttotal | Status | Flags |
---|---|---|---|---|---|---|
r-devel-linux-x86_64-debian-clang | 0.5.0 | 12.23 | 116.70 | 128.93 | OK | |
r-devel-linux-x86_64-debian-gcc | 0.5.0 | 10.79 | 85.55 | 96.34 | OK | |
r-devel-linux-x86_64-fedora-clang | 0.5.0 | 162.57 | NOTE | |||
r-devel-linux-x86_64-fedora-gcc | 0.5.0 | 158.93 | NOTE | |||
r-devel-windows-x86_64 | 0.5.0 | 23.00 | 131.00 | 154.00 | OK | |
r-patched-linux-x86_64 | 0.5.0 | 11.31 | 109.28 | 120.59 | OK | |
r-release-linux-x86_64 | 0.5.0 | 8.93 | 109.84 | 118.77 | OK | |
r-release-macos-arm64 | 0.5.0 | 42.00 | NOTE | |||
r-release-macos-x86_64 | 0.5.0 | 74.00 | NOTE | |||
r-release-windows-x86_64 | 0.5.0 | 19.00 | 127.00 | 146.00 | OK | |
r-oldrel-macos-arm64 | 0.5.0 | 46.00 | NOTE | |||
r-oldrel-macos-x86_64 | 0.5.0 | 63.00 | NOTE | |||
r-oldrel-windows-ix86+x86_64 | 0.5.0 | 31.00 | 132.00 | 163.00 | OK |
Version: 0.5.0
Check: dependencies in R code
Result: NOTE
Namespace in Imports field not imported from: ‘rms’
All declared Imports should be used.
Flavors: r-devel-linux-x86_64-fedora-clang, r-devel-linux-x86_64-fedora-gcc, r-release-macos-arm64, r-release-macos-x86_64, r-oldrel-macos-arm64, r-oldrel-macos-x86_64