Last updated on 2022-08-15 08:50:04 CEST.
Flavor | Version | Tinstall | Tcheck | Ttotal | Status | Flags |
---|---|---|---|---|---|---|
r-devel-linux-x86_64-debian-clang | 2022.05.04 | 18.19 | 129.24 | 147.43 | NOTE | |
r-devel-linux-x86_64-debian-gcc | 2022.05.04 | 15.90 | 95.06 | 110.96 | NOTE | |
r-devel-linux-x86_64-fedora-clang | 2022.05.04 | 187.35 | NOTE | |||
r-devel-linux-x86_64-fedora-gcc | 2022.05.04 | 180.66 | NOTE | |||
r-devel-windows-x86_64 | 2022.05.04 | 36.00 | 148.00 | 184.00 | NOTE | |
r-patched-linux-x86_64 | 2022.05.04 | 23.55 | 118.35 | 141.90 | NOTE | |
r-release-linux-x86_64 | 2022.05.04 | 14.69 | 119.04 | 133.73 | NOTE | |
r-release-macos-arm64 | 2022.05.04 | 53.00 | OK | |||
r-release-macos-x86_64 | 2022.05.04 | 73.00 | OK | |||
r-release-windows-x86_64 | 2022.05.04 | 41.00 | 144.00 | 185.00 | OK | |
r-oldrel-macos-arm64 | 2022.05.04 | 47.00 | OK | |||
r-oldrel-macos-x86_64 | 2022.05.04 | 69.00 | OK | |||
r-oldrel-windows-ix86+x86_64 | 2022.05.04 | 41.00 | 189.00 | 230.00 | OK |
Version: 2022.05.04
Check: package dependencies
Result: NOTE
Package which this enhances but not available for checking: 'crrstep'
Flavors: r-devel-linux-x86_64-debian-clang, r-devel-linux-x86_64-debian-gcc, r-devel-linux-x86_64-fedora-clang, r-devel-linux-x86_64-fedora-gcc, r-patched-linux-x86_64, r-release-linux-x86_64
Version: 2022.05.04
Check: Rd files
Result: NOTE
checkRd: (-1) pec.Rd:250: Escaped LaTeX specials: \&
checkRd: (-1) pec.Rd:251: Escaped LaTeX specials: \&
checkRd: (-1) pec.Rd:256: Escaped LaTeX specials: \&
Flavors: r-devel-linux-x86_64-debian-clang, r-devel-linux-x86_64-debian-gcc, r-devel-linux-x86_64-fedora-clang, r-devel-linux-x86_64-fedora-gcc, r-devel-windows-x86_64