Last updated on 2022-08-15 08:50:04 CEST.
Flavor | Version | Tinstall | Tcheck | Ttotal | Status | Flags |
---|---|---|---|---|---|---|
r-devel-linux-x86_64-debian-clang | 1.4.1 | 10.78 | 73.40 | 84.18 | NOTE | |
r-devel-linux-x86_64-debian-gcc | 1.4.2 | 9.51 | 55.65 | 65.16 | OK | |
r-devel-linux-x86_64-fedora-clang | 1.4.2 | 115.78 | OK | |||
r-devel-linux-x86_64-fedora-gcc | 1.4.2 | 121.59 | OK | |||
r-devel-windows-x86_64 | 1.4.1 | 16.00 | 128.00 | 144.00 | NOTE | |
r-patched-linux-x86_64 | 1.4.1 | 11.85 | 70.38 | 82.23 | NOTE | |
r-release-linux-x86_64 | 1.4.2 | 10.24 | 70.55 | 80.79 | OK | |
r-release-macos-arm64 | 1.4.2 | 29.00 | OK | |||
r-release-macos-x86_64 | 1.4.1 | 47.00 | NOTE | |||
r-release-windows-x86_64 | 1.4.2 | 17.00 | 113.00 | 130.00 | OK | |
r-oldrel-macos-arm64 | 1.4.2 | 28.00 | OK | |||
r-oldrel-macos-x86_64 | 1.4.1 | 50.00 | NOTE | |||
r-oldrel-windows-ix86+x86_64 | 1.4.1 | 26.00 | 125.00 | 151.00 | NOTE |
Version: 1.4.1
Check: dependencies in R code
Result: NOTE
Package in Depends field not imported from: 'reshape'
These packages need to be imported from (in the NAMESPACE file)
for when this namespace is loaded but not attached.
Flavors: r-devel-linux-x86_64-debian-clang, r-devel-windows-x86_64, r-patched-linux-x86_64, r-release-macos-x86_64, r-oldrel-macos-x86_64, r-oldrel-windows-ix86+x86_64
Version: 1.4.1
Check: for non-standard things in the check directory
Result: NOTE
Found the following files/directories:
'A.txt' 'Ainv.txt'
Flavors: r-devel-linux-x86_64-debian-clang, r-patched-linux-x86_64