Last updated on 2022-08-15 08:50:04 CEST.
Flavor | Version | Tinstall | Tcheck | Ttotal | Status | Flags |
---|---|---|---|---|---|---|
r-devel-linux-x86_64-debian-clang | 0.1 | 5.38 | 31.34 | 36.72 | NOTE | |
r-devel-linux-x86_64-debian-gcc | 0.1 | 3.97 | 24.13 | 28.10 | NOTE | |
r-devel-linux-x86_64-fedora-clang | 0.1 | 54.70 | NOTE | |||
r-devel-linux-x86_64-fedora-gcc | 0.1 | 53.16 | NOTE | |||
r-devel-windows-x86_64 | 0.1 | 31.00 | 57.00 | 88.00 | NOTE | |
r-patched-linux-x86_64 | 0.1 | 4.20 | 30.18 | 34.38 | NOTE | |
r-release-linux-x86_64 | 0.1 | 4.90 | 29.82 | 34.72 | NOTE | |
r-release-macos-arm64 | 0.1 | 20.00 | NOTE | |||
r-release-macos-x86_64 | 0.1 | 25.00 | NOTE | |||
r-release-windows-x86_64 | 0.1 | 53.00 | 57.00 | 110.00 | NOTE | |
r-oldrel-macos-arm64 | 0.1 | 23.00 | NOTE | |||
r-oldrel-macos-x86_64 | 0.1 | 32.00 | NOTE | |||
r-oldrel-windows-ix86+x86_64 | 0.1 | 15.00 | 65.00 | 80.00 | NOTE |
Version: 0.1
Check: LazyData
Result: NOTE
'LazyData' is specified without a 'data' directory
Flavors: r-devel-linux-x86_64-debian-clang, r-devel-linux-x86_64-debian-gcc, r-devel-linux-x86_64-fedora-clang, r-devel-linux-x86_64-fedora-gcc, r-devel-windows-x86_64, r-patched-linux-x86_64, r-release-linux-x86_64, r-release-macos-arm64, r-release-macos-x86_64, r-release-windows-x86_64, r-oldrel-macos-arm64, r-oldrel-macos-x86_64, r-oldrel-windows-ix86+x86_64