Last updated on 2022-08-15 08:50:04 CEST.
Flavor | Version | Tinstall | Tcheck | Ttotal | Status | Flags |
---|---|---|---|---|---|---|
r-devel-linux-x86_64-debian-clang | 0.1.2 | 1190.67 | 268.46 | 1459.13 | NOTE | |
r-devel-linux-x86_64-debian-gcc | 0.1.2 | 1103.56 | 253.16 | 1356.72 | NOTE | |
r-devel-linux-x86_64-fedora-clang | 0.1.2 | 1793.68 | NOTE | |||
r-devel-linux-x86_64-fedora-gcc | 0.1.2 | 2308.72 | NOTE | |||
r-devel-windows-x86_64 | 0.1.2 | 982.00 | 379.00 | 1361.00 | NOTE | |
r-patched-linux-x86_64 | 0.1.2 | 951.92 | 330.80 | 1282.72 | NOTE | |
r-release-linux-x86_64 | 0.1.2 | 937.98 | 332.42 | 1270.40 | NOTE | |
r-release-macos-arm64 | 0.1.2 | 493.00 | NOTE | |||
r-release-macos-x86_64 | 0.1.2 | 667.00 | NOTE | |||
r-release-windows-x86_64 | 0.1.2 | 768.00 | 384.00 | 1152.00 | NOTE | |
r-oldrel-macos-arm64 | 0.1.2 | 500.00 | NOTE | |||
r-oldrel-macos-x86_64 | 0.1.2 | 645.00 | NOTE | |||
r-oldrel-windows-ix86+x86_64 | 0.1.2 | 2663.00 | 572.00 | 3235.00 | NOTE |
Version: 0.1.2
Check: for GNU extensions in Makefiles
Result: NOTE
GNU make is a SystemRequirements.
Flavors: r-devel-linux-x86_64-debian-clang, r-devel-linux-x86_64-debian-gcc, r-devel-linux-x86_64-fedora-clang, r-devel-linux-x86_64-fedora-gcc, r-devel-windows-x86_64, r-patched-linux-x86_64, r-release-linux-x86_64, r-release-macos-arm64, r-release-macos-x86_64, r-release-windows-x86_64, r-oldrel-macos-arm64, r-oldrel-macos-x86_64, r-oldrel-windows-ix86+x86_64
Version: 0.1.2
Check: installed package size
Result: NOTE
installed size is 12.1Mb
sub-directories of 1Mb or more:
libs 11.1Mb
Flavors: r-devel-linux-x86_64-fedora-clang, r-devel-windows-x86_64, r-release-macos-arm64, r-release-macos-x86_64, r-release-windows-x86_64, r-oldrel-macos-arm64, r-oldrel-macos-x86_64, r-oldrel-windows-ix86+x86_64