Last updated on 2022-08-15 08:50:04 CEST.
Flavor | Version | Tinstall | Tcheck | Ttotal | Status | Flags |
---|---|---|---|---|---|---|
r-devel-linux-x86_64-debian-clang | 0.99 | 18.36 | 29.31 | 47.67 | OK | |
r-devel-linux-x86_64-debian-gcc | 0.99 | 12.63 | 23.03 | 35.66 | OK | |
r-devel-linux-x86_64-fedora-clang | 0.99 | 78.00 | NOTE | |||
r-devel-linux-x86_64-fedora-gcc | 0.99 | 69.40 | NOTE | |||
r-devel-windows-x86_64 | 0.99 | 25.00 | 70.00 | 95.00 | OK | |
r-patched-linux-x86_64 | 0.99 | 15.65 | 29.17 | 44.82 | OK | |
r-release-linux-x86_64 | 0.99 | 14.73 | 29.00 | 43.73 | OK | |
r-release-macos-arm64 | 0.99 | 22.00 | OK | |||
r-release-macos-x86_64 | 0.99 | 30.00 | OK | |||
r-release-windows-x86_64 | 0.99 | 20.00 | 72.00 | 92.00 | OK | |
r-oldrel-macos-arm64 | 0.99 | 24.00 | OK | |||
r-oldrel-macos-x86_64 | 0.99 | 35.00 | OK | |||
r-oldrel-windows-ix86+x86_64 | 0.99 | 45.00 | 76.00 | 121.00 | OK |
Version: 0.99
Check: compiled code
Result: NOTE
File ‘penMSM/libs/penMSM.so’:
Found no calls to: ‘R_registerRoutines’, ‘R_useDynamicSymbols’
It is good practice to register native routines and to disable symbol
search.
See ‘Writing portable packages’ in the ‘Writing R Extensions’ manual.
Flavors: r-devel-linux-x86_64-fedora-clang, r-devel-linux-x86_64-fedora-gcc