Last updated on 2022-08-15 08:50:04 CEST.
Flavor | Version | Tinstall | Tcheck | Ttotal | Status | Flags |
---|---|---|---|---|---|---|
r-devel-linux-x86_64-debian-clang | 1.1.3 | 7.74 | 46.34 | 54.08 | NOTE | |
r-devel-linux-x86_64-debian-gcc | 1.1.3 | 3.75 | 34.48 | 38.23 | NOTE | |
r-devel-linux-x86_64-fedora-clang | 1.1.3 | 77.75 | NOTE | |||
r-devel-linux-x86_64-fedora-gcc | 1.1.3 | 73.32 | NOTE | |||
r-devel-windows-x86_64 | 1.1.3 | 37.00 | 66.00 | 103.00 | NOTE | |
r-patched-linux-x86_64 | 1.1.3 | 6.33 | 43.90 | 50.23 | OK | |
r-release-linux-x86_64 | 1.1.3 | 7.31 | 43.38 | 50.69 | OK | |
r-release-macos-arm64 | 1.1.3 | 23.00 | OK | |||
r-release-macos-x86_64 | 1.1.3 | 30.00 | OK | |||
r-release-windows-x86_64 | 1.1.3 | 50.00 | 67.00 | 117.00 | OK | |
r-oldrel-macos-arm64 | 1.1.3 | 21.00 | OK | |||
r-oldrel-macos-x86_64 | 1.1.3 | 29.00 | OK | |||
r-oldrel-windows-ix86+x86_64 | 1.1.3 | 12.00 | 64.00 | 76.00 | OK |
Version: 1.1.3
Check: package subdirectories
Result: NOTE
Problems with news in 'NEWS.md':
No news entries found.
Flavors: r-devel-linux-x86_64-debian-clang, r-devel-linux-x86_64-debian-gcc, r-devel-linux-x86_64-fedora-clang, r-devel-linux-x86_64-fedora-gcc, r-devel-windows-x86_64
Version: 1.1.3
Check: Rd files
Result: NOTE
checkRd: (-1) simulate.data.Rd:27: Escaped LaTeX specials: \_ \_
checkRd: (-1) simulate.data.Rd:28: Escaped LaTeX specials: \_ \_
Flavors: r-devel-linux-x86_64-debian-clang, r-devel-linux-x86_64-debian-gcc, r-devel-linux-x86_64-fedora-clang, r-devel-linux-x86_64-fedora-gcc, r-devel-windows-x86_64