Last updated on 2022-08-15 08:50:04 CEST.
Flavor | Version | Tinstall | Tcheck | Ttotal | Status | Flags |
---|---|---|---|---|---|---|
r-devel-linux-x86_64-debian-clang | 1.2.2 | 14.52 | 135.23 | 149.75 | OK | |
r-devel-linux-x86_64-debian-gcc | 1.2.2 | 10.84 | 100.85 | 111.69 | OK | |
r-devel-linux-x86_64-fedora-clang | 1.2.2 | 196.30 | OK | |||
r-devel-linux-x86_64-fedora-gcc | 1.2.2 | 195.36 | OK | |||
r-devel-windows-x86_64 | 1.2.2 | 26.00 | 284.00 | 310.00 | OK | |
r-patched-linux-x86_64 | 1.2.2 | 17.86 | 125.49 | 143.35 | OK | |
r-release-linux-x86_64 | 1.2.2 | 15.41 | 128.54 | 143.95 | OK | |
r-release-macos-arm64 | 1.2.2 | 69.00 | ERROR | |||
r-release-macos-x86_64 | 1.2.2 | 84.00 | ERROR | |||
r-release-windows-x86_64 | 1.2.2 | 24.00 | 288.00 | 312.00 | OK | |
r-oldrel-macos-arm64 | 1.2.2 | 61.00 | WARN | |||
r-oldrel-macos-x86_64 | 1.2.2 | 82.00 | WARN | |||
r-oldrel-windows-ix86+x86_64 | 1.2.2 | 33.00 | 280.00 | 313.00 | OK |
Version: 1.2.2
Check: package dependencies
Result: NOTE
Package suggested but not available for checking: ‘ptmixed’
Flavors: r-release-macos-arm64, r-release-macos-x86_64, r-oldrel-macos-arm64, r-oldrel-macos-x86_64
Version: 1.2.2
Check: re-building of vignette outputs
Result: ERROR
Error(s) in re-building vignettes:
...
--- re-building ‘pencal-vignette.Rmd’ using rmarkdown
Quitting from lines 158-167 (pencal-vignette.Rmd)
Error: processing vignette 'pencal-vignette.Rmd' failed with diagnostics:
there is no package called 'ptmixed'
--- failed re-building ‘pencal-vignette.Rmd’
SUMMARY: processing the following file failed:
‘pencal-vignette.Rmd’
Error: Vignette re-building failed.
Execution halted
Flavors: r-release-macos-arm64, r-release-macos-x86_64
Version: 1.2.2
Check: re-building of vignette outputs
Result: WARN
Error(s) in re-building vignettes:
...
--- re-building ‘pencal-vignette.Rmd’ using rmarkdown
Quitting from lines 158-167 (pencal-vignette.Rmd)
Error: processing vignette 'pencal-vignette.Rmd' failed with diagnostics:
there is no package called 'ptmixed'
--- failed re-building ‘pencal-vignette.Rmd’
SUMMARY: processing the following file failed:
‘pencal-vignette.Rmd’
Error: Vignette re-building failed.
Execution halted
Flavors: r-oldrel-macos-arm64, r-oldrel-macos-x86_64