Last updated on 2022-08-15 08:50:04 CEST.
Flavor | Version | Tinstall | Tcheck | Ttotal | Status | Flags |
---|---|---|---|---|---|---|
r-devel-linux-x86_64-debian-clang | 0.1.1 | 40.05 | 134.33 | 174.38 | OK | |
r-devel-linux-x86_64-debian-gcc | 0.1.1 | 32.39 | 92.79 | 125.18 | OK | |
r-devel-linux-x86_64-fedora-clang | 0.1.1 | 237.21 | NOTE | |||
r-devel-linux-x86_64-fedora-gcc | 0.1.1 | 212.63 | NOTE | |||
r-devel-windows-x86_64 | 0.1.1 | 46.00 | 159.00 | 205.00 | OK | |
r-patched-linux-x86_64 | 0.1.1 | 36.44 | 119.23 | 155.67 | OK | |
r-release-linux-x86_64 | 0.1.1 | 33.04 | 119.27 | 152.31 | OK | |
r-release-macos-arm64 | 0.1.1 | 65.00 | NOTE | |||
r-release-macos-x86_64 | 0.1.1 | 86.00 | NOTE | |||
r-release-windows-x86_64 | 0.1.1 | 49.00 | 163.00 | 212.00 | OK | |
r-oldrel-macos-arm64 | 0.1.1 | 62.00 | NOTE | |||
r-oldrel-macos-x86_64 | 0.1.1 | 91.00 | NOTE | |||
r-oldrel-windows-ix86+x86_64 | 0.1.1 | 92.00 | 219.00 | 311.00 | OK |
Version: 0.1.1
Check: dependencies in R code
Result: NOTE
Namespace in Imports field not imported from: ‘fixest’
All declared Imports should be used.
Flavors: r-devel-linux-x86_64-fedora-clang, r-devel-linux-x86_64-fedora-gcc, r-release-macos-arm64, r-release-macos-x86_64, r-oldrel-macos-arm64, r-oldrel-macos-x86_64
Version: 0.1.1
Check: installed package size
Result: NOTE
installed size is 9.9Mb
sub-directories of 1Mb or more:
data 1.8Mb
libs 7.7Mb
Flavors: r-release-macos-arm64, r-release-macos-x86_64, r-oldrel-macos-arm64, r-oldrel-macos-x86_64