Last updated on 2022-08-15 08:50:04 CEST.
Flavor | Version | Tinstall | Tcheck | Ttotal | Status | Flags |
---|---|---|---|---|---|---|
r-devel-linux-x86_64-debian-clang | 0.0.1 | 85.15 | 149.49 | 234.64 | NOTE | |
r-devel-linux-x86_64-debian-gcc | 0.0.1 | 66.57 | 107.73 | 174.30 | NOTE | |
r-devel-linux-x86_64-fedora-clang | 0.0.1 | 302.35 | NOTE | |||
r-devel-linux-x86_64-fedora-gcc | 0.0.1 | 291.29 | NOTE | |||
r-devel-windows-x86_64 | 0.0.1 | 193.00 | 171.00 | 364.00 | NOTE | |
r-patched-linux-x86_64 | 0.0.1 | 72.08 | 137.42 | 209.50 | NOTE | |
r-release-linux-x86_64 | 0.0.1 | 57.13 | 135.55 | 192.68 | NOTE | |
r-release-macos-arm64 | 0.0.1 | 71.00 | NOTE | |||
r-release-macos-x86_64 | 0.0.1 | 125.00 | NOTE | |||
r-release-windows-x86_64 | 0.0.1 | 105.00 | 175.00 | 280.00 | NOTE | |
r-oldrel-macos-arm64 | 0.0.1 | 82.00 | NOTE | |||
r-oldrel-macos-x86_64 | 0.0.1 | 140.00 | NOTE | |||
r-oldrel-windows-ix86+x86_64 | 0.0.1 | 202.00 | 221.00 | 423.00 | NOTE |
Version: 0.0.1
Check: LazyData
Result: NOTE
'LazyData' is specified without a 'data' directory
Flavors: r-devel-linux-x86_64-debian-clang, r-devel-linux-x86_64-debian-gcc, r-devel-linux-x86_64-fedora-clang, r-devel-linux-x86_64-fedora-gcc, r-devel-windows-x86_64, r-patched-linux-x86_64, r-release-linux-x86_64, r-release-macos-arm64, r-release-macos-x86_64, r-release-windows-x86_64, r-oldrel-macos-arm64, r-oldrel-macos-x86_64, r-oldrel-windows-ix86+x86_64
Version: 0.0.1
Check: installed package size
Result: NOTE
installed size is 11.9Mb
sub-directories of 1Mb or more:
libs 11.6Mb
Flavors: r-release-macos-arm64, r-release-macos-x86_64, r-oldrel-macos-arm64, r-oldrel-macos-x86_64