Last updated on 2022-08-15 08:50:04 CEST.
Flavor | Version | Tinstall | Tcheck | Ttotal | Status | Flags |
---|---|---|---|---|---|---|
r-devel-linux-x86_64-debian-clang | 0.2.1 | 7.01 | 55.30 | 62.31 | NOTE | |
r-devel-linux-x86_64-debian-gcc | 0.2.1 | 4.57 | 40.75 | 45.32 | NOTE | |
r-devel-linux-x86_64-fedora-clang | 0.2.1 | 84.22 | NOTE | |||
r-devel-linux-x86_64-fedora-gcc | 0.2.1 | 80.25 | NOTE | |||
r-devel-windows-x86_64 | 0.2.1 | 20.00 | 81.00 | 101.00 | NOTE | |
r-patched-linux-x86_64 | 0.2.1 | 5.85 | 51.94 | 57.79 | NOTE | |
r-release-linux-x86_64 | 0.2.1 | 4.07 | 51.65 | 55.72 | NOTE | |
r-release-macos-arm64 | 0.2.1 | 24.00 | NOTE | |||
r-release-macos-x86_64 | 0.2.1 | 47.00 | NOTE | |||
r-release-windows-x86_64 | 0.2.1 | 21.00 | 82.00 | 103.00 | NOTE | |
r-oldrel-macos-arm64 | 0.2.1 | 28.00 | NOTE | |||
r-oldrel-macos-x86_64 | 0.2.1 | 44.00 | NOTE | |||
r-oldrel-windows-ix86+x86_64 | 0.2.1 | 16.00 | 69.00 | 85.00 | NOTE |
Version: 0.2.1
Check: LazyData
Result: NOTE
'LazyData' is specified without a 'data' directory
Flavors: r-devel-linux-x86_64-debian-clang, r-devel-linux-x86_64-debian-gcc, r-devel-linux-x86_64-fedora-clang, r-devel-linux-x86_64-fedora-gcc, r-devel-windows-x86_64, r-patched-linux-x86_64, r-release-linux-x86_64, r-release-macos-arm64, r-release-macos-x86_64, r-release-windows-x86_64, r-oldrel-macos-arm64, r-oldrel-macos-x86_64, r-oldrel-windows-ix86+x86_64