Last updated on 2022-08-15 08:50:04 CEST.
Flavor | Version | Tinstall | Tcheck | Ttotal | Status | Flags |
---|---|---|---|---|---|---|
r-devel-linux-x86_64-debian-clang | 2.0.0 | 27.73 | 306.29 | 334.02 | OK | |
r-devel-linux-x86_64-debian-gcc | 2.0.0 | 24.93 | 218.94 | 243.87 | OK | |
r-devel-linux-x86_64-fedora-clang | 2.0.0 | 393.02 | NOTE | |||
r-devel-linux-x86_64-fedora-gcc | 2.0.0 | 418.86 | OK | |||
r-devel-windows-x86_64 | 2.0.0 | 51.00 | 293.00 | 344.00 | OK | |
r-patched-linux-x86_64 | 2.0.0 | 29.16 | 284.65 | 313.81 | OK | |
r-release-linux-x86_64 | 2.0.0 | 26.59 | 283.96 | 310.55 | OK | |
r-release-macos-arm64 | 2.0.0 | 92.00 | OK | |||
r-release-macos-x86_64 | 2.0.0 | 118.00 | OK | |||
r-release-windows-x86_64 | 2.0.0 | 64.00 | 302.00 | 366.00 | OK | |
r-oldrel-macos-arm64 | 2.0.0 | 68.00 | OK | |||
r-oldrel-macos-x86_64 | 2.0.0 | 112.00 | OK | |||
r-oldrel-windows-ix86+x86_64 | 2.0.0 | 72.00 | 304.00 | 376.00 | OK |
Version: 2.0.0
Check: Rd cross-references
Result: NOTE
Undeclared packages ‘classInt’, ‘maptools’, ‘PMCMR’, ‘agricolae’, ‘rgdal’, ‘plotrix’, ‘AICcmodavg’ in Rd xrefs
Flavor: r-devel-linux-x86_64-fedora-clang