Last updated on 2022-08-15 08:50:04 CEST.
Flavor | Version | Tinstall | Tcheck | Ttotal | Status | Flags |
---|---|---|---|---|---|---|
r-devel-linux-x86_64-debian-clang | 2.9.0 | 72.36 | 307.25 | 379.61 | OK | |
r-devel-linux-x86_64-debian-gcc | 2.9.0 | 53.36 | 227.33 | 280.69 | OK | |
r-devel-linux-x86_64-fedora-clang | 2.9.0 | 464.17 | OK | |||
r-devel-linux-x86_64-fedora-gcc | 2.9.0 | 449.83 | OK | |||
r-devel-windows-x86_64 | 2.9.0 | 147.00 | 344.00 | 491.00 | NOTE | |
r-patched-linux-x86_64 | 2.9.0 | 73.93 | 290.88 | 364.81 | OK | |
r-release-linux-x86_64 | 2.9.0 | 57.04 | 289.64 | 346.68 | OK | |
r-release-macos-arm64 | 2.9.0 | 124.00 | NOTE | |||
r-release-macos-x86_64 | 2.9.0 | 158.00 | NOTE | |||
r-release-windows-x86_64 | 2.9.0 | 230.00 | 334.00 | 564.00 | NOTE | |
r-oldrel-macos-arm64 | 2.9.0 | 113.00 | NOTE | |||
r-oldrel-macos-x86_64 | 2.9.0 | 162.00 | NOTE | |||
r-oldrel-windows-ix86+x86_64 | 2.9.0 | 145.00 | 425.00 | 570.00 | NOTE |
Version: 2.9.0
Check: installed package size
Result: NOTE
installed size is 5.1Mb
sub-directories of 1Mb or more:
doc 1.5Mb
libs 1.3Mb
Flavors: r-devel-windows-x86_64, r-release-macos-arm64, r-release-macos-x86_64, r-release-windows-x86_64, r-oldrel-macos-arm64, r-oldrel-macos-x86_64, r-oldrel-windows-ix86+x86_64