Last updated on 2022-08-15 08:50:04 CEST.
Flavor | Version | Tinstall | Tcheck | Ttotal | Status | Flags |
---|---|---|---|---|---|---|
r-devel-linux-x86_64-debian-clang | 1.0.2 | 10.33 | 86.70 | 97.03 | OK | |
r-devel-linux-x86_64-debian-gcc | 1.0.2 | 7.61 | 62.64 | 70.25 | OK | |
r-devel-linux-x86_64-fedora-clang | 1.0.2 | 122.89 | NOTE | |||
r-devel-linux-x86_64-fedora-gcc | 1.0.2 | 117.58 | OK | |||
r-devel-windows-x86_64 | 1.0.2 | 35.00 | 105.00 | 140.00 | OK | |
r-patched-linux-x86_64 | 1.0.2 | 9.19 | 79.69 | 88.88 | OK | |
r-release-linux-x86_64 | 1.0.2 | 10.15 | 79.26 | 89.41 | OK | |
r-release-macos-arm64 | 1.0.2 | 41.00 | OK | |||
r-release-macos-x86_64 | 1.0.2 | 49.00 | OK | |||
r-release-windows-x86_64 | 1.0.2 | 28.00 | 109.00 | 137.00 | OK | |
r-oldrel-macos-arm64 | 1.0.2 | 35.00 | OK | |||
r-oldrel-macos-x86_64 | 1.0.2 | 56.00 | OK | |||
r-oldrel-windows-ix86+x86_64 | 1.0.2 | 24.00 | 107.00 | 131.00 | OK |
Version: 1.0.2
Check: Rd cross-references
Result: NOTE
Undeclared package ‘phase1RMD’ in Rd xrefs
Flavor: r-devel-linux-x86_64-fedora-clang