Last updated on 2022-08-15 08:50:04 CEST.
Flavor | Version | Tinstall | Tcheck | Ttotal | Status | Flags |
---|---|---|---|---|---|---|
r-devel-linux-x86_64-debian-clang | 2.1.3 | 5.19 | 123.40 | 128.59 | NOTE | |
r-devel-linux-x86_64-debian-gcc | 2.1.3 | 3.50 | 84.20 | 87.70 | NOTE | |
r-devel-linux-x86_64-fedora-clang | 2.1.3 | 151.65 | NOTE | |||
r-devel-linux-x86_64-fedora-gcc | 2.1.3 | 162.83 | NOTE | |||
r-devel-windows-x86_64 | 2.1.3 | 40.00 | 133.00 | 173.00 | NOTE | |
r-patched-linux-x86_64 | 2.1.3 | 6.91 | 110.37 | 117.28 | NOTE | |
r-release-linux-x86_64 | 2.1.3 | 3.28 | 109.56 | 112.84 | NOTE | |
r-release-macos-arm64 | 2.1.3 | 36.00 | NOTE | |||
r-release-macos-x86_64 | 2.1.3 | 51.00 | NOTE | |||
r-release-windows-x86_64 | 2.1.3 | 33.00 | 134.00 | 167.00 | NOTE | |
r-oldrel-macos-arm64 | 2.1.3 | 40.00 | NOTE | |||
r-oldrel-macos-x86_64 | 2.1.3 | 65.00 | NOTE | |||
r-oldrel-windows-ix86+x86_64 | 2.1.3 | 9.00 | 141.00 | 150.00 | NOTE |
Version: 2.1.3
Check: LazyData
Result: NOTE
'LazyData' is specified without a 'data' directory
Flavors: r-devel-linux-x86_64-debian-clang, r-devel-linux-x86_64-debian-gcc, r-devel-linux-x86_64-fedora-clang, r-devel-linux-x86_64-fedora-gcc, r-devel-windows-x86_64, r-patched-linux-x86_64, r-release-linux-x86_64, r-release-macos-arm64, r-release-macos-x86_64, r-release-windows-x86_64, r-oldrel-macos-arm64, r-oldrel-macos-x86_64, r-oldrel-windows-ix86+x86_64
Version: 2.1.3
Check: HTML version of manual
Result: NOTE
Found the following HTML validation problems:
SIR.html:67:1: Warning: <center> element removed from HTML5
competition.html:72:1: Warning: <center> element removed from HTML5
example1.html:62:1: Warning: <center> element removed from HTML5
example10.html:62:1: Warning: <center> element removed from HTML5
example11.html:62:1: Warning: <center> element removed from HTML5
example12.html:62:1: Warning: <center> element removed from HTML5
example13.html:62:1: Warning: <center> element removed from HTML5
example14.html:62:1: Warning: <center> element removed from HTML5
example15.html:62:1: Warning: <center> element removed from HTML5
example2.html:62:1: Warning: <center> element removed from HTML5
example3.html:62:1: Warning: <center> element removed from HTML5
example4.html:62:1: Warning: <center> element removed from HTML5
example5.html:62:1: Warning: <center> element removed from HTML5
example6.html:62:1: Warning: <center> element removed from HTML5
example7.html:62:1: Warning: <center> element removed from HTML5
example8.html:62:1: Warning: <center> element removed from HTML5
example9.html:62:1: Warning: <center> element removed from HTML5
exponential.html:65:1: Warning: <center> element removed from HTML5
lindemannMechanism.html:65:1: Warning: <center> element removed from HTML5
logistic.html:67:1: Warning: <center> element removed from HTML5
lotkaVolterra.html:69:1: Warning: <center> element removed from HTML5
monomolecular.html:67:1: Warning: <center> element removed from HTML5
morrisLecar.html:67:1: Warning: <center> element removed from HTML5
morrisLecar.html:70:1: Warning: <center> element removed from HTML5
simplePendulum.html:65:1: Warning: <center> element removed from HTML5
toggle.html:68:1: Warning: <center> element removed from HTML5
vanDerPol.html:65:1: Warning: <center> element removed from HTML5
vonBertalanffy.html:67:1: Warning: <center> element removed from HTML5
Flavors: r-devel-linux-x86_64-debian-clang, r-devel-linux-x86_64-debian-gcc, r-devel-linux-x86_64-fedora-clang, r-devel-linux-x86_64-fedora-gcc