Last updated on 2022-08-15 08:50:04 CEST.
Flavor | Version | Tinstall | Tcheck | Ttotal | Status | Flags |
---|---|---|---|---|---|---|
r-devel-linux-x86_64-debian-clang | 1.7-0 | 9.44 | 87.50 | 96.94 | NOTE | |
r-devel-linux-x86_64-debian-gcc | 1.7-0 | 8.49 | 63.79 | 72.28 | NOTE | |
r-devel-linux-x86_64-fedora-clang | 1.7-0 | 124.62 | NOTE | |||
r-devel-linux-x86_64-fedora-gcc | 1.7-0 | 120.26 | NOTE | |||
r-devel-windows-x86_64 | 1.7-0 | 19.00 | 105.00 | 124.00 | NOTE | |
r-patched-linux-x86_64 | 1.7-0 | 10.20 | 79.97 | 90.17 | OK | |
r-release-linux-x86_64 | 1.7-0 | 10.60 | 79.33 | 89.93 | OK | |
r-release-macos-arm64 | 1.7-0 | 39.00 | OK | |||
r-release-macos-x86_64 | 1.7-0 | 53.00 | OK | |||
r-release-windows-x86_64 | 1.7-0 | 21.00 | 107.00 | 128.00 | OK | |
r-oldrel-macos-arm64 | 1.7-0 | 37.00 | OK | |||
r-oldrel-macos-x86_64 | 1.7-0 | 49.00 | OK | |||
r-oldrel-windows-ix86+x86_64 | 1.7-0 | 25.00 | 139.00 | 164.00 | OK |
Version: 1.7-0
Check: Rd files
Result: NOTE
checkRd: (-1) connectedSets.Rd:27: Escaped LaTeX specials: \_ \_
checkRd: (-1) connectedSets.Rd:29: Escaped LaTeX specials: \_ \_
checkRd: (-1) connectedSets.Rd:31: Escaped LaTeX specials: \_ \_
checkRd: (-1) maxConnectedSet.Rd:35: Escaped LaTeX specials: \_ \_ \_ \_ \_ \_ \_ \_
checkRd: (-1) maxConnectedSet.Rd:37: Escaped LaTeX specials: \_ \_ \_ \_ \_ \_ \_ \_ \_ \_
checkRd: (-1) maxConnectedSet.Rd:39: Escaped LaTeX specials: \_ \_ \_ \_ \_ \_ \_ \_ \_ \_
checkRd: (-1) maxConnectedSet.Rd:41: Escaped LaTeX specials: \_ \_ \_ \_ \_ \_ \_ \_ \_ \_
checkRd: (-1) maxConnectedSet.Rd:45: Escaped LaTeX specials: \_ \_ \_ \_ \_ \_ \_ \_ \_ \_
checkRd: (-1) maxConnectedSet.Rd:47: Escaped LaTeX specials: \_ \_
Flavors: r-devel-linux-x86_64-debian-clang, r-devel-linux-x86_64-debian-gcc, r-devel-linux-x86_64-fedora-clang, r-devel-linux-x86_64-fedora-gcc, r-devel-windows-x86_64